-- Table structure for table `wp_yoast_indexable_hierarchy`
--

CREATE TABLE `wp_yoast_indexable_hierarchy` (
  `indexable_id` int(11) unsigned NOT NULL DEFAULT 0,
  `ancestor_id` int(11) unsigned NOT NULL DEFAULT 0,
  `depth` int(11) unsigned DEFAULT NULL,
  `blog_id` bigint(20) NOT NULL DEFAULT 1,
  PRIMARY KEY (`indexable_id`,`ancestor_id`),
  KEY `indexable_id` (`indexable_id`),
  KEY `ancestor_id` (`ancestor_id`),
  KEY `depth` (`depth`)
) ENGINE=InnoDB DEFAULT CHARSET=utf8mb4 COLLATE=utf8mb4_unicode_ci;

--
-- Dumping data for table `wp_yoast_indexable_hierarchy`
--

INSERT INTO `wp_yoast_indexable_hierarchy` VALUES (1,0,0,1),(2,0,0,1),(3,0,0,1),(5,0,0,1),(7,0,0,1),(10,0,0,1),(11,0,0,1),(16,0,0,1),(17,0,0,1),(18,0,0,1),(19,0,0,1),(24,0,0,1),(30,0,0,1),(31,0,0,1),(32,0,0,1),(33,0,0,1),(34,33,1,1),(35,0,0,1),(36,0,0,1),(37,0,0,1),(38,0,0,1),(39,0,0,1),(40,0,0,1),(41,0,0,1),(42,33,1,1),(43,33,1,1),(44,33,1,1),(45,33,1,1),(46,33,1,1),(47,33,1,1),(48,33,1,1),(49,33,1,1),(50,33,1,1),(51,33,1,1),(52,33,1,1),(53,33,1,1),(54,33,1,1),(55,33,1,1),(56,33,1,1),(57,33,1,1),(58,33,1,1),(59,33,1,1),(60,33,1,1),(61,33,1,1),(62,33,1,1),(63,33,1,1),(64,33,1,1),(65,33,1,1),(66,33,1,1),(67,33,1,1),(68,33,1,1),(69,33,1,1),(70,33,1,1),(71,33,1,1),(72,33,1,1),(73,33,1,1),(74,33,1,1),(75,33,1,1),(76,33,1,1),(77,33,1,1),(78,33,1,1),(79,33,1,1),(80,33,1,1),(81,33,1,1),(82,33,1,1),(83,33,1,1),(84,33,1,1),(85,33,1,1),(86,33,1,1),(87,33,1,1),(88,33,1,1),(89,33,1,1),(90,33,1,1),(91,33,1,1),(92,33,1,1),(93,33,1,1),(94,33,1,1),(95,33,1,1),(96,33,1,1),(97,33,1,1),(98,33,1,1),(99,33,1,1),(100,33,1,1),(101,33,1,1),(102,33,1,1),(103,33,1,1),(104,33,1,1),(105,33,1,1),(106,33,1,1),(107,33,1,1),(108,33,1,1),(109,33,1,1),(110,33,1,1),(111,33,1,1),(112,33,1,1),(113,33,1,1),(114,33,1,1),(115,33,1,1),(116,33,1,1),(117,33,1,1),(118,33,1,1),(119,33,1,1),(120,33,1,1),(121,33,1,1),(122,33,1,1),(123,33,1,1),(124,33,1,1),(125,33,1,1),(126,33,1,1),(127,33,1,1),(128,33,1,1),(129,33,1,1),(130,33,1,1),(131,33,1,1),(132,33,1,1),(133,33,1,1),(134,33,1,1),(135,33,1,1),(136,33,1,1),(137,33,1,1),(138,33,1,1),(139,33,1,1),(140,33,1,1),(141,33,1,1),(142,33,1,1),(143,33,1,1),(144,33,1,1),(145,33,1,1),(146,33,1,1),(147,33,1,1),(148,33,1,1),(149,33,1,1),(150,33,1,1),(151,33,1,1),(152,33,1,1),(153,33,1,1),(154,33,1,1),(155,33,1,1),(156,33,1,1),(157,33,1,1),(158,33,1,1),(159,33,1,1),(160,33,1,1),(161,33,1,1),(162,33,1,1),(163,33,1,1),(164,33,1,1),(165,33,1,1),(166,33,1,1),(167,33,1,1),(168,33,1,1),(169,33,1,1),(170,33,1,1),(171,33,1,1),(172,33,1,1),(173,33,1,1),(174,33,1,1),(175,33,1,1),(176,33,1,1),(177,33,1,1),(178,33,1,1),(179,33,1,1),(180,33,1,1),(181,33,1,1),(182,33,1,1),(183,33,1,1),(184,33,1,1),(185,33,1,1),(186,33,1,1),(187,33,1,1),(188,33,1,1),(189,33,1,1),(190,33,1,1),(191,33,1,1),(192,33,1,1),(193,33,1,1),(194,33,1,1),(195,33,1,1),(196,33,1,1),(197,33,1,1),(198,33,1,1),(199,33,1,1),(200,33,1,1),(201,33,1,1),(202,33,1,1),(203,0,0,1),(204,0,0,1),(205,32,1,1),(206,32,1,1),(218,0,0,1),(230,0,0,1),(231,0,0,1),(232,0,0,1),(233,0,0,1),(238,0,0,1),(239,0,0,1),(240,0,0,1),(241,0,0,1),(242,0,0,1),(243,0,0,1),(244,0,0,1),(245,0,0,1),(246,0,0,1),(247,0,0,1),(248,0,0,1),(249,0,0,1),(250,0,0,1),(251,0,0,1),(252,0,0,1),(253,0,0,1),(254,0,0,1),(255,0,0,1),(256,0,0,1),(257,0,0,1),(258,0,0,1),(259,0,0,1),(260,0,0,1),(261,0,0,1),(262,0,0,1),(263,0,0,1),(264,0,0,1),(265,0,0,1),(266,0,0,1),(267,0,0,1),(268,0,0,1),(269,0,0,1),(270,0,0,1),(271,0,0,1),(272,0,0,1),(273,0,0,1),(274,0,0,1),(275,0,0,1),(276,0,0,1),(277,0,0,1),(278,0,0,1),(279,0,0,1),(280,0,0,1),(281,0,0,1),(282,0,0,1),(283,0,0,1),(284,0,0,1),(285,0,0,1),(286,0,0,1),(287,0,0,1),(288,0,0,1),(289,0,0,1),(290,0,0,1),(291,0,0,1),(292,0,0,1),(293,0,0,1),(294,0,0,1),(295,0,0,1),(296,0,0,1),(297,0,0,1),(298,0,0,1),(299,0,0,1),(300,0,0,1),(301,0,0,1),(302,0,0,1),(303,0,0,1),(304,0,0,1),(305,0,0,1),(306,0,0,1),(307,0,0,1),(308,0,0,1),(309,0,0,1),(310,0,0,1),(311,0,0,1),(312,0,0,1),(313,0,0,1),(314,0,0,1),(315,0,0,1),(316,0,0,1),(317,0,0,1),(318,0,0,1),(319,0,0,1),(320,0,0,1),(321,0,0,1),(322,0,0,1),(323,0,0,1),(324,0,0,1),(325,0,0,1),(326,0,0,1),(327,0,0,1),(328,0,0,1),(329,0,0,1),(330,0,0,1),(331,0,0,1),(332,0,0,1),(333,0,0,1),(334,0,0,1),(335,0,0,1),(336,0,0,1),(337,0,0,1),(338,0,0,1),(339,0,0,1),(340,0,0,1),(341,0,0,1),(342,0,0,1),(343,0,0,1),(344,0,0,1),(345,0,0,1),(346,0,0,1),(347,0,0,1),(348,0,0,1),(349,0,0,1),(350,0,0,1),(351,0,0,1),(352,0,0,1),(353,0,0,1),(354,0,0,1),(355,0,0,1),(356,0,0,1),(357,0,0,1),(358,0,0,1),(359,0,0,1),(360,0,0,1),(361,0,0,1),(362,0,0,1),(363,0,0,1),(364,0,0,1),(365,0,0,1),(366,0,0,1),(367,0,0,1),(368,0,0,1),(369,0,0,1),(370,0,0,1),(371,0,0,1),(372,0,0,1),(373,0,0,1),(374,0,0,1),(375,0,0,1),(376,0,0,1),(377,0,0,1),(378,0,0,1),(379,0,0,1),(380,0,0,1),(381,0,0,1),(382,0,0,1),(383,0,0,1),(384,0,0,1),(385,0,0,1),(386,0,0,1),(387,0,0,1),(388,0,0,1),(389,0,0,1),(390,0,0,1),(391,0,0,1),(392,0,0,1),(393,0,0,1),(394,0,0,1),(395,0,0,1),(399,0,0,1),(400,0,0,1),(401,0,0,1),(402,0,0,1),(403,0,0,1),(404,0,0,1),(405,0,0,1),(406,0,0,1),(407,0,0,1),(408,0,0,1);

--
-- Table structure for table `wp_yoast_migrations`
--

CREATE TABLE `wp_yoast_migrations` (
  `id` int(11) unsigned NOT NULL AUTO_INCREMENT,
  `version` varchar(191) DEFAULT NULL,
  PRIMARY KEY (`id`),
  UNIQUE KEY `wp_yoast_migrations_version` (`version`)
) ENGINE=InnoDB AUTO_INCREMENT=25 DEFAULT CHARSET=utf8mb4 COLLATE=utf8mb4_unicode_ci;

--
-- Dumping data for table `wp_yoast_migrations`
--

INSERT INTO `wp_yoast_migrations` VALUES (1,'20171228151840'),(2,'20171228151841'),(3,'20190529075038'),(4,'20191011111109'),(5,'20200408101900'),(6,'20200420073606'),(7,'20200428123747'),(8,'20200428194858'),(9,'20200429105310'),(10,'20200430075614'),(11,'20200430150130'),(12,'20200507054848'),(13,'20200513133401'),(14,'20200609154515'),(15,'20200616130143'),(16,'20200617122511'),(17,'20200702141921'),(18,'20200728095334'),(19,'20201202144329'),(20,'20201216124002'),(21,'20201216141134'),(22,'20210817092415'),(23,'20211020091404'),(24,'20230417083836');

--
-- Table structure for table `wp_yoast_primary_term`
--

CREATE TABLE `wp_yoast_primary_term` (
  `id` int(11) unsigned NOT NULL AUTO_INCREMENT,
  `post_id` bigint(20) DEFAULT NULL,
  `term_id` bigint(20) DEFAULT NULL,
  `taxonomy` varchar(32) NOT NULL,
  `created_at` datetime DEFAULT NULL,
  `updated_at` timestamp NOT NULL DEFAULT current_timestamp() ON UPDATE current_timestamp(),
  `blog_id` bigint(20) NOT NULL DEFAULT 1,
  PRIMARY KEY (`id`),
  KEY `post_taxonomy` (`post_id`,`taxonomy`),
  KEY `post_term` (`post_id`,`term_id`)
) ENGINE=InnoDB DEFAULT CHARSET=utf8mb4 COLLATE=utf8mb4_unicode_ci;

--
-- Dumping data for table `wp_yoast_primary_term`
--


--
-- Table structure for table `wp_yoast_seo_links`
--

CREATE TABLE `wp_yoast_seo_links` (
  `id` bigint(20) unsigned NOT NULL AUTO_INCREMENT,
  `url` varchar(255) NOT NULL,
  `post_id` bigint(20) unsigned NOT NULL,
  `target_post_id` bigint(20) unsigned NOT NULL,
  `type` varchar(8) NOT NULL,
  `indexable_id` int(11) unsigned DEFAULT NULL,
  `target_indexable_id` int(11) unsigned DEFAULT NULL,
  `height` int(11) unsigned DEFAULT NULL,
  `width` int(11) unsigned DEFAULT NULL,
  `size` int(11) unsigned DEFAULT NULL,
  `language` varchar(32) DEFAULT NULL,
  `region` varchar(32) DEFAULT NULL,
  PRIMARY KEY (`id`),
  KEY `link_direction` (`post_id`,`type`),
  KEY `indexable_link_direction` (`indexable_id`,`type`)
) ENGINE=InnoDB AUTO_INCREMENT=6123 DEFAULT CHARSET=utf8mb4 COLLATE=utf8mb4_unicode_ci;

--
-- Dumping data for table `wp_yoast_seo_links`
--

INSERT INTO `wp_yoast_seo_links` VALUES (5502,'https://dentistbronxnewyork..com/the-bronx-ny/options-for-replacing-all-of-my-teeth/#who-good-candidate-for-all-teeth-replacement',9869,10021,'internal',192,100,0,0,0,'',''),(5503,'https://dentistbronxnewyork..com/the-bronx-ny/implant-supported-dentures/#differences-between-implant-supported-dentures-and-removable-dentures',9869,9925,'internal',192,81,0,0,0,'',''),(5504,'https://dentistbronxnewyork..com/the-bronx-ny/dental-implants/#dental-implant-process',9869,9892,'internal',192,169,0,0,0,'',''),(5508,'https://dentistbronxnewyork..com/the-bronx-ny/options-for-replacing-missing-teeth/',9869,9939,'internal',192,49,0,0,0,'',''),(5509,'https://dentistbronxnewyork..com/the-bronx-ny/dental-implants-consultation/',9869,9952,'internal',192,60,0,0,0,'',''),(5510,'https://dentistbronxnewyork..com/the-bronx-ny/dental-implant-procedure/',9869,9967,'internal',192,114,0,0,0,'',''),(5515,'',9869,0,'internal',192,7,0,0,0,'',''),(5525,'https://dentistbronxnewyork..com/the-bronx-ny/dental-implant-candidate/',9869,9871,'internal',192,202,0,0,0,'',''),(5526,'https://dentistbronxnewyork..com/the-bronx-ny/dental-implant-restoration/',9869,9890,'internal',192,171,0,0,0,'',''),(5527,'https://dentistbronxnewyork..com/the-bronx-ny/dental-implant-surgery/',9869,9891,'internal',192,170,0,0,0,'',''),(5528,'https://dentistbronxnewyork..com/the-bronx-ny/implant-supported-dentures/',9869,9925,'internal',192,81,0,0,0,'',''),(5529,'https://dentistbronxnewyork..com/the-bronx-ny/options-for-replacing-missing-teeth/',9869,9939,'internal',192,49,0,0,0,'',''),(5530,'https://dentistbronxnewyork..com/the-bronx-ny/postop-care-for-dental-implants/',9869,9947,'internal',192,52,0,0,0,'',''),(5531,'https://dentistbronxnewyork..com/the-bronx-ny/dental-implants-consultation/',9869,9952,'internal',192,60,0,0,0,'',''),(5532,'https://dentistbronxnewyork..com/the-bronx-ny/dental-implant-procedure/',9869,9967,'internal',192,114,0,0,0,'',''),(5533,'https://dentistbronxnewyork..com/the-bronx-ny/bone-graft-for-dental-implants/',9869,9987,'internal',192,119,0,0,0,'',''),(5534,'https://dentistbronxnewyork..com/the-bronx-ny/dental-implants/',9869,9892,'internal',192,169,0,0,0,'',''),(5535,'https://dentistbronxnewyork..com/the-bronx-ny/implant-supported-dentures/',9869,9925,'internal',192,81,0,0,0,'',''),(5536,'https://dentistbronxnewyork..com/the-bronx-ny/dental-implant-surgery/',9869,9891,'internal',192,170,0,0,0,'',''),(5537,'https://dentistbronxnewyork..com/about/find-a-dentist/',9869,9904,'internal',192,206,0,0,0,'',''),(5538,'https://dentistbronxnewyork..com/the-bronx-ny/implant-dentist/',9869,9924,'internal',192,82,0,0,0,'',''),(5539,'https://dentistbronxnewyork..com/the-bronx-ny/prosthodontist/',9869,9951,'internal',192,61,0,0,0,'',''),(5540,'https://dentistbronxnewyork..com/welcome-to-university-dental-associates/',9869,9865,'internal',192,218,0,0,0,'',''),(5541,'https://dentistbronxnewyork..com/welcome-to-university-dental-associates/',9869,9865,'internal',192,218,0,0,0,'',''),(5542,'https://dentistbronxnewyork..com/the-bronx-ny/multiple-teeth-replacement-options/',9869,9937,'internal',192,51,0,0,0,'',''),(5543,'https://dentistbronxnewyork..com/the-bronx-ny/teethxpress/',9869,9966,'internal',192,163,0,0,0,'',''),(5544,'https://dentistbronxnewyork..com/the-bronx-ny/implants-vs-mini-implants/',9869,9968,'internal',192,113,0,0,0,'',''),(5545,'https://dentistbronxnewyork..com/the-bronx-ny/dental-practice/',9869,9894,'internal',192,177,0,0,0,'',''),(5548,'https://dentistbronxnewyork..com/wp-content/uploads/all-on-4.jpg',9869,0,'image-in',192,0,0,0,0,'',''),(5549,'https://dentistbronxnewyork..com/wp-content/uploads/dentist-map.jpg',9869,0,'image-in',192,0,0,0,0,'',''),(5550,'https://dentistbronxnewyork..com/wp-content/uploads/all-on-4-qrcode.png',9869,0,'image-in',192,0,0,0,0,'',''),(5551,'https://dentistbronxnewyork..com/wp-content/uploads/options-for-replacing-missing-teeth-nav.webp',9869,0,'image-in',192,0,0,0,0,'',''),(5552,'https://dentistbronxnewyork..com/wp-content/uploads/dental-implants-consultation-nav.webp',9869,0,'image-in',192,0,0,0,0,'',''),(5553,'https://dentistbronxnewyork..com/wp-content/uploads/dental-implant-procedure-nav.webp',9869,0,'image-in',192,0,0,0,0,'',''),(5554,'https://dentistbronxnewyork..com/wp-content/uploads/map-directions-qrcode.png',9869,0,'image-in',192,0,0,0,0,'',''),(5555,'/wp-content/uploads/welcome-image.jpg',9869,0,'image-in',192,0,0,0,0,'',''),(5556,'https://dentistbronxnewyork..com/wp-content/uploads/phone-number-qrcode.png',9869,0,'image-in',192,0,0,0,0,'',''),(5557,'https://dentistbronxnewyork..com/the-bronx-ny/clear-aligners/',9823,9875,'internal',203,200,0,0,0,'',''),(5558,'https://dentistbronxnewyork..com/the-bronx-ny/clear-braces/',9823,9876,'internal',203,199,0,0,0,'',''),(5559,'https://dentistbronxnewyork..com/the-bronx-ny/dental-aesthetics/',9823,9998,'internal',203,93,0,0,0,'',''),(5560,'https://dentistbronxnewyork..com/the-bronx-ny/dental-bridges/',9823,9884,'internal',203,187,0,0,0,'',''),(5561,'https://dentistbronxnewyork..com/the-bronx-ny/dental-crowns/',9823,9889,'internal',203,172,0,0,0,'',''),(5562,'https://dentistbronxnewyork..com/the-bronx-ny/dental-implant-restoration/',9823,9890,'internal',203,171,0,0,0,'',''),(5563,'https://dentistbronxnewyork..com/the-bronx-ny/dental-implants/',9823,9892,'internal',203,169,0,0,0,'',''),(5564,'https://dentistbronxnewyork..com/the-bronx-ny/dental-restorations/',9823,9896,'internal',203,186,0,0,0,'',''),(5565,'https://dentistbronxnewyork..com/the-bronx-ny/dental-veneers-and-dental-laminates/',9823,9899,'internal',203,183,0,0,0,'',''),(5566,'https://dentistbronxnewyork..com/the-bronx-ny/dentures-and-partial-dentures/',9823,9903,'internal',203,179,0,0,0,'',''),(5567,'https://dentistbronxnewyork..com/the-bronx-ny/full-mouth-reconstruction/',9823,9917,'internal',203,68,0,0,0,'',''),(5568,'https://dentistbronxnewyork..com/the-bronx-ny/immediate-dentures/',9823,9923,'internal',203,83,0,0,0,'',''),(5569,'https://dentistbronxnewyork..com/the-bronx-ny/implant-supported-dentures/',9823,9925,'internal',203,81,0,0,0,'',''),(5570,'https://dentistbronxnewyork..com/the-bronx-ny/invisalign-for-teens/',9823,9929,'internal',203,78,0,0,0,'',''),(5571,'https://dentistbronxnewyork..com/the-bronx-ny/professional-teeth-whitening/',9823,9950,'internal',203,62,0,0,0,'',''),(5572,'https://dentistbronxnewyork..com/the-bronx-ny/smile-makeover/',9823,9961,'internal',203,85,0,0,0,'',''),(5573,'https://dentistbronxnewyork..com/the-bronx-ny/teeth-whitening/',9823,9964,'internal',203,116,0,0,0,'',''),(5574,'https://dentistbronxnewyork..com/the-bronx-ny/gum-contouring-and-reshaping/',9823,9978,'internal',203,127,0,0,0,'',''),(5575,'https://dentistbronxnewyork..com/the-bronx-ny/3d-cone-beam-dental-scans/',9823,9994,'internal',203,151,0,0,0,'',''),(5576,'https://dentistbronxnewyork..com/the-bronx-ny/composite-fillings/',9823,9878,'internal',203,198,0,0,0,'',''),(5577,'https://dentistbronxnewyork..com/the-bronx-ny/comprehensive-dentist/',9823,9996,'internal',203,138,0,0,0,'',''),(5578,'https://dentistbronxnewyork..com/the-bronx-ny/cosmetic-dental-care/',9823,9879,'internal',203,197,0,0,0,'',''),(5579,'https://dentistbronxnewyork..com/the-bronx-ny/dental-center/',9823,9885,'internal',203,176,0,0,0,'',''),(5580,'https://dentistbronxnewyork..com/the-bronx-ny/dental-checkup/',9823,9886,'internal',203,175,0,0,0,'',''),(5581,'https://dentistbronxnewyork..com/the-bronx-ny/dental-cleaning-and-examinations/',9823,9887,'internal',203,174,0,0,0,'',''),(5582,'https://dentistbronxnewyork..com/the-bronx-ny/dental-office/',9823,9893,'internal',203,168,0,0,0,'',''),(5583,'https://dentistbronxnewyork..com/the-bronx-ny/dental-office-blood-pressure-screening/',9823,10003,'internal',203,137,0,0,0,'',''),(5584,'https://dentistbronxnewyork..com/the-bronx-ny/dental-practice/',9823,9894,'internal',203,177,0,0,0,'',''),(5585,'https://dentistbronxnewyork..com/the-bronx-ny/emergency-dental-care/',9823,9910,'internal',203,72,0,0,0,'',''),(5586,'https://dentistbronxnewyork..com/the-bronx-ny/denture-adjustments/',9823,9900,'internal',203,182,0,0,0,'',''),(5587,'https://dentistbronxnewyork..com/the-bronx-ny/denture-relining/',9823,9902,'internal',203,180,0,0,0,'',''),(5588,'https://dentistbronxnewyork..com/the-bronx-ny/mouth-guards/',9823,9936,'internal',203,63,0,0,0,'',''),(5589,'https://dentistbronxnewyork..com/the-bronx-ny/night-guards/',9823,9938,'internal',203,50,0,0,0,'',''),(5590,'https://dentistbronxnewyork..com/the-bronx-ny/oral-cancer-screening/',9823,9940,'internal',203,48,0,0,0,'',''),(5591,'https://dentistbronxnewyork..com/the-bronx-ny/partial-denture-for-one-missing-tooth/',9823,9943,'internal',203,45,0,0,0,'',''),(5592,'https://dentistbronxnewyork..com/the-bronx-ny/partial-dentures-for-back-teeth/',9823,9944,'internal',203,44,0,0,0,'',''),(5593,'https://dentistbronxnewyork..com/the-bronx-ny/routine-dental-care/',9823,9957,'internal',203,55,0,0,0,'',''),(5594,'https://dentistbronxnewyork..com/the-bronx-ny/the-process-for-getting-dentures/',9823,9969,'internal',203,112,0,0,0,'',''),(5595,'https://dentistbronxnewyork..com/the-bronx-ny/dental-bonding/',9823,9883,'internal',203,188,0,0,0,'',''),(5596,'https://dentistbronxnewyork..com/the-bronx-ny/dental-cosmetics/',9823,9888,'internal',203,173,0,0,0,'',''),(5597,'https://dentistbronxnewyork..com/the-bronx-ny/dental-implant-surgery/',9823,9891,'internal',203,170,0,0,0,'',''),(5598,'https://dentistbronxnewyork..com/the-bronx-ny/dental-inlays-and-onlays/',9823,10001,'internal',203,90,0,0,0,'',''),(5599,'https://dentistbronxnewyork..com/the-bronx-ny/dental-sealants/',9823,9897,'internal',203,185,0,0,0,'',''),(5600,'https://dentistbronxnewyork..com/the-bronx-ny/endodontic-surgery/',9823,9913,'internal',203,154,0,0,0,'',''),(5601,'https://dentistbronxnewyork..com/the-bronx-ny/gum-disease/',9823,9920,'internal',203,65,0,0,0,'',''),(5602,'https://dentistbronxnewyork..com/the-bronx-ny/hard-tissue-laser-dentistry/',9823,10009,'internal',203,134,0,0,0,'',''),(5603,'https://dentistbronxnewyork..com/the-bronx-ny/interactive-periodontal-probing/',9823,10017,'internal',203,141,0,0,0,'',''),(5604,'https://dentistbronxnewyork..com/the-bronx-ny/intraoral-photos/',9823,10018,'internal',203,103,0,0,0,'',''),(5605,'https://dentistbronxnewyork..com/the-bronx-ny/laser-dentistry/',9823,9934,'internal',203,159,0,0,0,'',''),(5606,'https://dentistbronxnewyork..com/the-bronx-ny/oral-surgery/',9823,9942,'internal',203,46,0,0,0,'',''),(5607,'https://dentistbronxnewyork..com/the-bronx-ny/periodontics/',9823,9946,'internal',203,43,0,0,0,'',''),(5608,'https://dentistbronxnewyork..com/the-bronx-ny/restorative-dentistry/',9823,9954,'internal',203,58,0,0,0,'',''),(5609,'https://dentistbronxnewyork..com/the-bronx-ny/root-canal-treatment/',9823,9955,'internal',203,57,0,0,0,'',''),(5610,'https://dentistbronxnewyork..com/the-bronx-ny/root-scaling-and-planing/',9823,9956,'internal',203,56,0,0,0,'',''),(5611,'https://dentistbronxnewyork..com/the-bronx-ny/routine-dental-procedures/',9823,9958,'internal',203,54,0,0,0,'',''),(5612,'https://dentistbronxnewyork..com/the-bronx-ny/same-day-dentistry/',9823,9959,'internal',203,42,0,0,0,'',''),(5613,'https://dentistbronxnewyork..com/the-bronx-ny/soft-tissue-laser-dentistry/',9823,10030,'internal',203,142,0,0,0,'',''),(5614,'https://dentistbronxnewyork..com/the-bronx-ny/teeth-whitening-at-dentist/',9823,9965,'internal',203,115,0,0,0,'',''),(5615,'https://dentistbronxnewyork..com/the-bronx-ny/tooth-extraction/',9823,9972,'internal',203,110,0,0,0,'',''),(5616,'https://dentistbronxnewyork..com/the-bronx-ny/wisdom-teeth-extraction/',9823,9988,'internal',203,107,0,0,0,'',''),(5617,'https://dentistbronxnewyork..com/the-bronx-ny/all-on-4/',9823,9869,'internal',203,192,0,0,0,'',''),(5618,'https://dentistbronxnewyork..com/the-bronx-ny/botox/',9823,9872,'internal',203,157,0,0,0,'',''),(5619,'https://dentistbronxnewyork..com/the-bronx-ny/cerec-dentist/',9823,9874,'internal',203,156,0,0,0,'',''),(5620,'https://dentistbronxnewyork..com/the-bronx-ny/clearcorrect-braces/',9823,9877,'internal',203,155,0,0,0,'',''),(5621,'https://dentistbronxnewyork..com/the-bronx-ny/ez-align/',9823,9914,'internal',203,153,0,0,0,'',''),(5622,'https://dentistbronxnewyork..com/the-bronx-ny/fastbraces/',9823,9916,'internal',203,152,0,0,0,'',''),(5623,'https://dentistbronxnewyork..com/the-bronx-ny/invisalign/',9823,9927,'internal',203,79,0,0,0,'',''),(5624,'https://dentistbronxnewyork..com/the-bronx-ny/juvederm/',9823,9932,'internal',203,158,0,0,0,'',''),(5625,'https://dentistbronxnewyork..com/the-bronx-ny/lumineers/',9823,9935,'internal',203,167,0,0,0,'',''),(5626,'https://dentistbronxnewyork..com/the-bronx-ny/snap-on-smile/',9823,9962,'internal',203,164,0,0,0,'',''),(5627,'https://dentistbronxnewyork..com/the-bronx-ny/teethxpress/',9823,9966,'internal',203,163,0,0,0,'',''),(5628,'https://dentistbronxnewyork..com/the-bronx-ny/waterlase-iplus/',9823,9974,'internal',203,161,0,0,0,'',''),(5629,'https://dentistbronxnewyork..com/the-bronx-ny/zoom-teeth-whitening/',9823,9989,'internal',203,106,0,0,0,'',''),(5630,'https://dentistbronxnewyork..com/the-bronx-ny/cosmetic-dentist/',9823,9881,'internal',203,195,0,0,0,'',''),(5631,'https://dentistbronxnewyork..com/the-bronx-ny/emergency-dentist/',9823,9911,'internal',203,71,0,0,0,'',''),(5632,'https://dentistbronxnewyork..com/the-bronx-ny/family-dentist/',9823,9915,'internal',203,69,0,0,0,'',''),(5633,'https://dentistbronxnewyork..com/the-bronx-ny/general-dentist/',9823,9918,'internal',203,67,0,0,0,'',''),(5634,'https://dentistbronxnewyork..com/the-bronx-ny/implant-dentist/',9823,9924,'internal',203,82,0,0,0,'',''),(5635,'https://dentistbronxnewyork..com/the-bronx-ny/invisalign-dentist/',9823,9928,'internal',203,34,0,0,0,'',''),(5636,'https://dentistbronxnewyork..com/the-bronx-ny/kid-friendly-dentist/',9823,9933,'internal',203,64,0,0,0,'',''),(5637,'https://dentistbronxnewyork..com/the-bronx-ny/pediatric-dentist/',9823,9945,'internal',203,166,0,0,0,'',''),(5638,'https://dentistbronxnewyork..com/the-bronx-ny/prosthodontist/',9823,9951,'internal',203,61,0,0,0,'',''),(5639,'https://dentistbronxnewyork..com/the-bronx-ny/sedation-dentist/',9823,9960,'internal',203,165,0,0,0,'',''),(5640,'https://dentistbronxnewyork..com/the-bronx-ny/tmj-dentist/',9823,9971,'internal',203,162,0,0,0,'',''),(5641,'https://dentistbronxnewyork..com/about/find-a-dentist/',9823,9904,'internal',203,206,0,0,0,'',''),(5642,'https://dentistbronxnewyork..com/the-bronx-ny/7-signs-you-need-endodontic-surgery/',9823,9866,'internal',203,191,0,0,0,'',''),(5643,'https://dentistbronxnewyork..com/the-bronx-ny/parents-need-to-know-about-invisalign/',9823,9867,'internal',203,190,0,0,0,'',''),(5644,'https://dentistbronxnewyork..com/the-bronx-ny/adjusting-to-new-dentures/',9823,9868,'internal',203,189,0,0,0,'',''),(5645,'https://dentistbronxnewyork..com/the-bronx-ny/alternative-to-braces-for-teens/',9823,9870,'internal',203,193,0,0,0,'',''),(5646,'https://dentistbronxnewyork..com/the-bronx-ny/dental-implant-candidate/',9823,9871,'internal',203,202,0,0,0,'',''),(5647,'https://dentistbronxnewyork..com/the-bronx-ny/can-a-cracked-tooth-be-saved-with-a-root-canal/',9823,9873,'internal',203,201,0,0,0,'',''),(5648,'https://dentistbronxnewyork..com/the-bronx-ny/conditions-linked-to-dental-health/',9823,9997,'internal',203,94,0,0,0,'',''),(5649,'https://dentistbronxnewyork..com/the-bronx-ny/dental-anxiety/',9823,9882,'internal',203,194,0,0,0,'',''),(5650,'https://dentistbronxnewyork..com/the-bronx-ny/dental-health-and-preexisting-conditions/',9823,9999,'internal',203,92,0,0,0,'',''),(5651,'https://dentistbronxnewyork..com/the-bronx-ny/dental-health-during-pregnancy/',9823,10000,'internal',203,91,0,0,0,'',''),(5652,'https://dentistbronxnewyork..com/the-bronx-ny/dental-insurance/',9823,10002,'internal',203,89,0,0,0,'',''),(5653,'https://dentistbronxnewyork..com/the-bronx-ny/denture-care/',9823,9901,'internal',203,181,0,0,0,'',''),(5654,'https://dentistbronxnewyork..com/the-bronx-ny/diseases-linked-to-dental-health/',9823,10004,'internal',203,88,0,0,0,'',''),(5655,'https://dentistbronxnewyork..com/the-bronx-ny/do-i-have-sleep-apnea/',9823,9907,'internal',203,129,0,0,0,'',''),(5656,'https://dentistbronxnewyork..com/the-bronx-ny/do-i-need-a-root-canal/',9823,9908,'internal',203,84,0,0,0,'',''),(5657,'https://dentistbronxnewyork..com/the-bronx-ny/does-invisalign-really-work/',9823,9909,'internal',203,73,0,0,0,'',''),(5658,'https://dentistbronxnewyork..com/the-bronx-ny/early-orthodontic-treatment/',9823,10005,'internal',203,87,0,0,0,'',''),(5659,'https://dentistbronxnewyork..com/the-bronx-ny/emergency-dentist-vs-emergency-room/',9823,9912,'internal',203,70,0,0,0,'',''),(5660,'https://dentistbronxnewyork..com/the-bronx-ny/find-a-complete-health-dentist/',9823,10006,'internal',203,136,0,0,0,'',''),(5661,'https://dentistbronxnewyork..com/the-bronx-ny/flexible-spending-accounts/',9823,10007,'internal',203,95,0,0,0,'',''),(5662,'https://dentistbronxnewyork..com/the-bronx-ny/gut-health/',9823,10008,'internal',203,135,0,0,0,'',''),(5663,'https://dentistbronxnewyork..com/the-bronx-ny/health-care-savings-account/',9823,10010,'internal',203,96,0,0,0,'',''),(5664,'https://dentistbronxnewyork..com/the-bronx-ny/healthy-mouth-baseline/',9823,10011,'internal',203,133,0,0,0,'',''),(5665,'https://dentistbronxnewyork..com/the-bronx-ny/healthy-start-dentist/',9823,10012,'internal',203,132,0,0,0,'',''),(5666,'https://dentistbronxnewyork..com/the-bronx-ny/holistic-dentistry/',9823,10013,'internal',203,131,0,0,0,'',''),(5667,'https://dentistbronxnewyork..com/the-bronx-ny/how-complete-health-dentist-treats-sleep-apnea/',9823,10014,'internal',203,140,0,0,0,'',''),(5668,'https://dentistbronxnewyork..com/the-bronx-ny/how-does-dental-insurance-work/',9823,10015,'internal',203,105,0,0,0,'',''),(5669,'https://dentistbronxnewyork..com/the-bronx-ny/oral-systemic-connection/',9823,10022,'internal',203,150,0,0,0,'',''),(5670,'https://dentistbronxnewyork..com/the-bronx-ny/proper-oral-hygiene-may-improve-overall-health/',9823,10016,'internal',203,104,0,0,0,'',''),(5671,'https://dentistbronxnewyork..com/the-bronx-ny/i-think-my-gums-are-receding/',9823,9922,'internal',203,75,0,0,0,'',''),(5672,'https://dentistbronxnewyork..com/the-bronx-ny/improve-your-smile-for-senior-pictures/',9823,9926,'internal',203,80,0,0,0,'',''),(5673,'https://dentistbronxnewyork..com/the-bronx-ny/invisalign-vs-traditional-braces/',9823,9930,'internal',203,77,0,0,0,'',''),(5674,'https://dentistbronxnewyork..com/the-bronx-ny/is-invisalign-teen-right-for-my-child/',9823,9931,'internal',203,76,0,0,0,'',''),(5675,'https://dentistbronxnewyork..com/the-bronx-ny/medications-that-affect-oral-health/',9823,10019,'internal',203,102,0,0,0,'',''),(5676,'https://dentistbronxnewyork..com/the-bronx-ny/multiple-teeth-replacement-options/',9823,9937,'internal',203,51,0,0,0,'',''),(5677,'https://dentistbronxnewyork..com/the-bronx-ny/office-roles-who-am-i-talking-to/',9823,10020,'internal',203,101,0,0,0,'',''),(5678,'https://dentistbronxnewyork..com/the-bronx-ny/options-for-replacing-all-of-my-teeth/',9823,10021,'internal',203,100,0,0,0,'',''),(5679,'https://dentistbronxnewyork..com/the-bronx-ny/options-for-replacing-missing-teeth/',9823,9939,'internal',203,49,0,0,0,'',''),(5680,'https://dentistbronxnewyork..com/the-bronx-ny/oraldna-diagnostic-test/',9823,10023,'internal',203,149,0,0,0,'',''),(5681,'https://dentistbronxnewyork..com/the-bronx-ny/oral-hygiene-basics/',9823,9941,'internal',203,47,0,0,0,'',''),(5682,'https://dentistbronxnewyork..com/the-bronx-ny/postop-care-for-dental-implants/',9823,9947,'internal',203,52,0,0,0,'',''),(5683,'https://dentistbronxnewyork..com/the-bronx-ny/preventative-dental-care/',9823,9949,'internal',203,53,0,0,0,'',''),(5684,'https://dentistbronxnewyork..com/the-bronx-ny/preventative-treatment-cancers-through-improving-oral-health/',9823,10024,'internal',203,148,0,0,0,'',''),(5685,'https://dentistbronxnewyork..com/the-bronx-ny/preventative-treatment-heart-problems-oral-health/',9823,10025,'internal',203,147,0,0,0,'',''),(5686,'https://dentistbronxnewyork..com/the-bronx-ny/probiotics-and-prebiotics-in-dental/',9823,10026,'internal',203,146,0,0,0,'',''),(5687,'https://dentistbronxnewyork..com/the-bronx-ny/dental-implants-consultation/',9823,9952,'internal',203,60,0,0,0,'',''),(5688,'https://dentistbronxnewyork..com/the-bronx-ny/reduce-sports-injuries-with-mouth-guards/',9823,9953,'internal',203,59,0,0,0,'',''),(5689,'https://dentistbronxnewyork..com/the-bronx-ny/saliva-ph-testing/',9823,10027,'internal',203,145,0,0,0,'',''),(5690,'https://dentistbronxnewyork..com/the-bronx-ny/seeing-complete-health-dentist-tmj/',9823,10028,'internal',203,144,0,0,0,'',''),(5691,'https://dentistbronxnewyork..com/the-bronx-ny/selecting-a-total-health-dentist/',9823,10029,'internal',203,143,0,0,0,'',''),(5692,'https://dentistbronxnewyork..com/the-bronx-ny/solutions-for-common-denture-problems/',9823,9963,'internal',203,128,0,0,0,'',''),(5693,'https://dentistbronxnewyork..com/the-bronx-ny/tell-your-dentist-about-prescriptions/',9823,10031,'internal',203,99,0,0,0,'',''),(5694,'https://dentistbronxnewyork..com/the-bronx-ny/dental-implant-procedure/',9823,9967,'internal',203,114,0,0,0,'',''),(5695,'https://dentistbronxnewyork..com/the-bronx-ny/implants-vs-mini-implants/',9823,9968,'internal',203,113,0,0,0,'',''),(5696,'https://dentistbronxnewyork..com/the-bronx-ny/the-truth-behind-root-canals/',9823,9970,'internal',203,111,0,0,0,'',''),(5697,'https://dentistbronxnewyork..com/the-bronx-ny/total-oral-dentistry/',9823,10032,'internal',203,130,0,0,0,'',''),(5698,'https://dentistbronxnewyork..com/the-bronx-ny/types-of-dental-root-fractures/',9823,9973,'internal',203,109,0,0,0,'',''),(5699,'https://dentistbronxnewyork..com/the-bronx-ny/what-can-i-do-to-improve-my-smile/',9823,9975,'internal',203,108,0,0,0,'',''),(5700,'https://dentistbronxnewyork..com/the-bronx-ny/damage-my-dentures/',9823,9976,'internal',203,117,0,0,0,'',''),(5701,'https://dentistbronxnewyork..com/the-bronx-ny/what-does-a-dental-hygienist-do/',9823,10033,'internal',203,98,0,0,0,'',''),(5702,'https://dentistbronxnewyork..com/the-bronx-ny/what-is-an-endodontist/',9823,9977,'internal',203,118,0,0,0,'',''),(5703,'https://dentistbronxnewyork..com/the-bronx-ny/chip-my-tooth/',9823,9979,'internal',203,126,0,0,0,'',''),(5704,'https://dentistbronxnewyork..com/the-bronx-ny/what-to-expect-when-getting-dentures/',9823,9980,'internal',203,125,0,0,0,'',''),(5705,'https://dentistbronxnewyork..com/the-bronx-ny/when-a-situation-calls-for-an-emergency-surgery/',9823,9981,'internal',203,124,0,0,0,'',''),(5706,'https://dentistbronxnewyork..com/the-bronx-ny/when-is-tooth-extraction-necessary/',9823,9982,'internal',203,123,0,0,0,'',''),(5707,'https://dentistbronxnewyork..com/the-bronx-ny/when-to-spend-your-hsa/',9823,10034,'internal',203,97,0,0,0,'',''),(5708,'https://dentistbronxnewyork..com/the-bronx-ny/which-is-better-invisalign-or-braces/',9823,9983,'internal',203,122,0,0,0,'',''),(5709,'https://dentistbronxnewyork..com/the-bronx-ny/why-are-my-gums-bleeding/',9823,9984,'internal',203,121,0,0,0,'',''),(5710,'https://dentistbronxnewyork..com/the-bronx-ny/why-dental-sealants-protect-childs-teeth/',9823,9985,'internal',203,120,0,0,0,'',''),(5711,'https://dentistbronxnewyork..com/the-bronx-ny/pediatric-dentist-vs-general-dentist/',9823,9986,'internal',203,160,0,0,0,'',''),(5712,'https://dentistbronxnewyork..com/the-bronx-ny/bone-graft-for-dental-implants/',9823,9987,'internal',203,119,0,0,0,'',''),(5713,'https://dentistbronxnewyork..com/the-bronx-ny/cosmetic-dental-services/',9823,9880,'internal',203,196,0,0,0,'',''),(5714,'https://dentistbronxnewyork..com/the-bronx-ny/dental-procedures/',9823,9895,'internal',203,178,0,0,0,'',''),(5715,'https://dentistbronxnewyork..com/the-bronx-ny/dental-services/',9823,9898,'internal',203,184,0,0,0,'',''),(5716,'https://dentistbronxnewyork..com/the-bronx-ny/general-dentistry-services/',9823,9919,'internal',203,66,0,0,0,'',''),(5717,'https://dentistbronxnewyork..com/the-bronx-ny/helpful-dental-information/',9823,9921,'internal',203,74,0,0,0,'',''),(5718,'https://dentistbronxnewyork..com/about/find-best-dentist/',9823,9905,'internal',203,205,0,0,0,'',''),(5719,'https://dentistbronxnewyork..com/the-bronx-ny/dental-terminology/',9823,10035,'internal',203,86,0,0,0,'',''),(5720,'https://dentistbronxnewyork.com/wp-content/uploads/dental-restoration-2210.jpg',10158,0,'internal',373,0,0,0,0,'',''),(5721,'https://dentistbronxnewyork.com/the-bronx-ny/dental-restorations/',10158,9896,'internal',373,186,0,0,0,'',''),(5722,'https://dentistbronxnewyork.com',10158,9818,'internal',373,17,0,0,0,'',''),(5723,'',10158,0,'internal',373,7,0,0,0,'',''),(5724,'https://www.yelp.com/biz/university-dental-associates-bronx',10158,0,'external',373,0,0,0,0,'',''),(5725,'https://dentistbronxnewyork.com/blog/welcome-to-university-dental-associates/',10158,9865,'internal',373,218,0,0,0,'',''),(5726,'https://dentistbronxnewyork.com/blog/welcome-to-university-dental-associates/',10158,9865,'internal',373,218,0,0,0,'',''),(5727,'https://dentistbronxnewyork.com/wp-content/uploads/dental-restoration-2210.jpg',10158,0,'image-in',373,0,0,0,0,'',''),(5728,'https://dentistbronxnewyork.com/wp-content/uploads/all-on-4-2208.jpg',10159,0,'internal',374,0,0,0,0,'',''),(5729,'https://dentistbronxnewyork.com/the-bronx-ny/all-on-4/',10159,9869,'internal',374,192,0,0,0,'',''),(5730,'https://dentistbronxnewyork.com',10159,9818,'internal',374,17,0,0,0,'',''),(5731,'',10159,0,'internal',374,7,0,0,0,'',''),(5732,'https://www.yelp.com/biz/university-dental-associates-bronx',10159,0,'external',374,0,0,0,0,'',''),(5733,'https://dentistbronxnewyork.com/blog/dental-restoration-options-to-repair-teeth/',10159,10158,'internal',374,373,0,0,0,'',''),(5734,'https://dentistbronxnewyork.com/blog/dental-restoration-options-to-repair-teeth/',10159,10158,'internal',374,373,0,0,0,'',''),(5735,'https://dentistbronxnewyork.com/blog/welcome-to-university-dental-associates/',10159,9865,'internal',374,218,0,0,0,'',''),(5736,'https://dentistbronxnewyork.com/blog/welcome-to-university-dental-associates/',10159,9865,'internal',374,218,0,0,0,'',''),(5737,'https://dentistbronxnewyork.com/wp-content/uploads/all-on-4-2208.jpg',10159,0,'image-in',374,0,0,0,0,'',''),(5738,'https://dentistbronxnewyork.com/wp-content/uploads/general-dentist-2209.jpg',10160,0,'internal',375,0,0,0,0,'',''),(5739,'https://dentistbronxnewyork.com/the-bronx-ny/general-dentist/',10160,9918,'internal',375,67,0,0,0,'',''),(5740,'https://dentistbronxnewyork.com',10160,9818,'internal',375,17,0,0,0,'',''),(5741,'https://www.yelp.com/biz/university-dental-associates-bronx',10160,0,'external',375,0,0,0,0,'',''),(5742,'https://dentistbronxnewyork.com/blog/dental-restoration-options-to-repair-teeth/',10160,10158,'internal',375,373,0,0,0,'',''),(5743,'https://dentistbronxnewyork.com/blog/dental-restoration-options-to-repair-teeth/',10160,10158,'internal',375,373,0,0,0,'',''),(5744,'https://dentistbronxnewyork.com/blog/welcome-to-university-dental-associates/',10160,9865,'internal',375,218,0,0,0,'',''),(5745,'https://dentistbronxnewyork.com/blog/welcome-to-university-dental-associates/',10160,9865,'internal',375,218,0,0,0,'',''),(5746,'https://dentistbronxnewyork.com/blog/how-all-on-4-is-a-recommended-solution-for-tooth-loss/',10160,10159,'internal',375,374,0,0,0,'',''),(5747,'https://dentistbronxnewyork.com/blog/how-all-on-4-is-a-recommended-solution-for-tooth-loss/',10160,10159,'internal',375,374,0,0,0,'',''),(5748,'https://dentistbronxnewyork.com/wp-content/uploads/general-dentist-2209.jpg',10160,0,'image-in',375,0,0,0,0,'',''),(5749,'https://dentistbronxnewyork.com/wp-content/uploads/dental-veneers-2211.jpg',10161,0,'internal',376,0,0,0,0,'',''),(5750,'https://dentistbronxnewyork.com/the-bronx-ny/dental-veneers-and-dental-laminates/',10161,9899,'internal',376,183,0,0,0,'',''),(5751,'https://dentistbronxnewyork.com',10161,9818,'internal',376,17,0,0,0,'',''),(5752,'https://www.yelp.com/biz/university-dental-associates-bronx',10161,0,'external',376,0,0,0,0,'',''),(5753,'https://dentistbronxnewyork.com/blog/dental-restoration-options-to-repair-teeth/',10161,10158,'internal',376,373,0,0,0,'',''),(5754,'https://dentistbronxnewyork.com/blog/dental-restoration-options-to-repair-teeth/',10161,10158,'internal',376,373,0,0,0,'',''),(5755,'https://dentistbronxnewyork.com/blog/a-guide-to-getting-a-cleaning-from-a-general-dentist/',10161,10160,'internal',376,375,0,0,0,'',''),(5756,'https://dentistbronxnewyork.com/blog/a-guide-to-getting-a-cleaning-from-a-general-dentist/',10161,10160,'internal',376,375,0,0,0,'',''),(5757,'https://dentistbronxnewyork.com/blog/welcome-to-university-dental-associates/',10161,9865,'internal',376,218,0,0,0,'',''),(5758,'https://dentistbronxnewyork.com/blog/welcome-to-university-dental-associates/',10161,9865,'internal',376,218,0,0,0,'',''),(5759,'https://dentistbronxnewyork.com/wp-content/uploads/dental-veneers-2211.jpg',10161,0,'image-in',376,0,0,0,0,'',''),(5760,'https://dentistbronxnewyork.com/wp-content/uploads/deep-dental-cleaning-2212.jpg',10164,0,'internal',377,0,0,0,0,'',''),(5761,'https://dentistbronxnewyork.com/the-bronx-ny/dental-cleaning-and-examinations/',10164,9887,'internal',377,174,0,0,0,'',''),(5762,'https://dentistbronxnewyork.com',10164,9818,'internal',377,17,0,0,0,'',''),(5763,'',10164,0,'internal',377,7,0,0,0,'',''),(5764,'https://www.yelp.com/biz/university-dental-associates-bronx',10164,0,'external',377,0,0,0,0,'',''),(5765,'https://dentistbronxnewyork.com/blog/a-guide-to-getting-a-cleaning-from-a-general-dentist/',10164,10160,'internal',377,375,0,0,0,'',''),(5766,'https://dentistbronxnewyork.com/blog/a-guide-to-getting-a-cleaning-from-a-general-dentist/',10164,10160,'internal',377,375,0,0,0,'',''),(5767,'https://dentistbronxnewyork.com/blog/dental-veneers-a-teeth-straightening-solution-without-braces/',10164,10161,'internal',377,376,0,0,0,'',''),(5768,'https://dentistbronxnewyork.com/blog/dental-veneers-a-teeth-straightening-solution-without-braces/',10164,10161,'internal',377,376,0,0,0,'',''),(5769,'https://dentistbronxnewyork.com/blog/dental-restoration-options-to-repair-teeth/',10164,10158,'internal',377,373,0,0,0,'',''),(5770,'https://dentistbronxnewyork.com/blog/dental-restoration-options-to-repair-teeth/',10164,10158,'internal',377,373,0,0,0,'',''),(5771,'https://dentistbronxnewyork.com/wp-content/uploads/deep-dental-cleaning-2212.jpg',10164,0,'image-in',377,0,0,0,0,'',''),(5772,'https://dentistbronxnewyork.com/wp-content/uploads/kid-friendly-dentist-2301.jpg',10165,0,'internal',378,0,0,0,0,'',''),(5773,'https://dentistbronxnewyork.com/the-bronx-ny/kid-friendly-dentist/',10165,9933,'internal',378,64,0,0,0,'',''),(5774,'https://dentistbronxnewyork.com',10165,9818,'internal',378,17,0,0,0,'',''),(5775,'',10165,0,'internal',378,7,0,0,0,'',''),(5776,'https://www.yelp.com/biz/university-dental-associates-bronx',10165,0,'external',378,0,0,0,0,'',''),(5777,'https://dentistbronxnewyork.com/blog/a-guide-to-getting-a-cleaning-from-a-general-dentist/',10165,10160,'internal',378,375,0,0,0,'',''),(5778,'https://dentistbronxnewyork.com/blog/a-guide-to-getting-a-cleaning-from-a-general-dentist/',10165,10160,'internal',378,375,0,0,0,'',''),(5779,'https://dentistbronxnewyork.com/blog/how-a-deep-dental-cleaning-is-performed/',10165,10164,'internal',378,377,0,0,0,'',''),(5780,'https://dentistbronxnewyork.com/blog/how-a-deep-dental-cleaning-is-performed/',10165,10164,'internal',378,377,0,0,0,'',''),(5781,'https://dentistbronxnewyork.com/blog/dental-veneers-a-teeth-straightening-solution-without-braces/',10165,10161,'internal',378,376,0,0,0,'',''),(5782,'https://dentistbronxnewyork.com/blog/dental-veneers-a-teeth-straightening-solution-without-braces/',10165,10161,'internal',378,376,0,0,0,'',''),(5783,'https://dentistbronxnewyork.com/wp-content/uploads/kid-friendly-dentist-2301.jpg',10165,0,'image-in',378,0,0,0,0,'',''),(5784,'https://dentistbronxnewyork.com/wp-content/uploads/general-dentistry-2302.jpg',10166,0,'internal',379,0,0,0,0,'',''),(5785,'https://dentistbronxnewyork.com/the-bronx-ny/general-dentistry-services/',10166,9919,'internal',379,66,0,0,0,'',''),(5786,'https://dentistbronxnewyork.com',10166,9818,'internal',379,17,0,0,0,'',''),(5787,'',10166,0,'internal',379,7,0,0,0,'',''),(5788,'https://www.yelp.com/biz/university-dental-associates-bronx',10166,0,'external',379,0,0,0,0,'',''),(5789,'https://dentistbronxnewyork.com/blog/a-guide-to-getting-a-cleaning-from-a-general-dentist/',10166,10160,'internal',379,375,0,0,0,'',''),(5790,'https://dentistbronxnewyork.com/blog/a-guide-to-getting-a-cleaning-from-a-general-dentist/',10166,10160,'internal',379,375,0,0,0,'',''),(5791,'https://dentistbronxnewyork.com/blog/how-a-deep-dental-cleaning-is-performed/',10166,10164,'internal',379,377,0,0,0,'',''),(5792,'https://dentistbronxnewyork.com/blog/how-a-deep-dental-cleaning-is-performed/',10166,10164,'internal',379,377,0,0,0,'',''),(5793,'https://dentistbronxnewyork.com/blog/kid-friendly-dentist-anxiety-managing-techniques-for-dental-fears/',10166,10165,'internal',379,378,0,0,0,'',''),(5794,'https://dentistbronxnewyork.com/blog/kid-friendly-dentist-anxiety-managing-techniques-for-dental-fears/',10166,10165,'internal',379,378,0,0,0,'',''),(5795,'https://dentistbronxnewyork.com/wp-content/uploads/general-dentistry-2302.jpg',10166,0,'image-in',379,0,0,0,0,'',''),(5796,'https://dentistbronxnewyork.com/wp-content/uploads/family-dentist-2303.jpg',10167,0,'internal',380,0,0,0,0,'',''),(5797,'https://dentistbronxnewyork.com/the-bronx-ny/family-dentist/',10167,9915,'internal',380,69,0,0,0,'',''),(5798,'https://dentistbronxnewyork.com',10167,9818,'internal',380,17,0,0,0,'',''),(5799,'',10167,0,'internal',380,7,0,0,0,'',''),(5800,'https://www.yelp.com/biz/university-dental-associates-bronx',10167,0,'external',380,0,0,0,0,'',''),(5801,'https://dentistbronxnewyork.com/blog/kid-friendly-dentist-anxiety-managing-techniques-for-dental-fears/',10167,10165,'internal',380,378,0,0,0,'',''),(5802,'https://dentistbronxnewyork.com/blog/kid-friendly-dentist-anxiety-managing-techniques-for-dental-fears/',10167,10165,'internal',380,378,0,0,0,'',''),(5803,'https://dentistbronxnewyork.com/blog/5-general-dentistry-tips-to-help-you-defeat-bad-breath/',10167,10166,'internal',380,379,0,0,0,'',''),(5804,'https://dentistbronxnewyork.com/blog/5-general-dentistry-tips-to-help-you-defeat-bad-breath/',10167,10166,'internal',380,379,0,0,0,'',''),(5805,'https://dentistbronxnewyork.com/blog/how-a-deep-dental-cleaning-is-performed/',10167,10164,'internal',380,377,0,0,0,'',''),(5806,'https://dentistbronxnewyork.com/blog/how-a-deep-dental-cleaning-is-performed/',10167,10164,'internal',380,377,0,0,0,'',''),(5807,'https://dentistbronxnewyork.com/wp-content/uploads/family-dentist-2303.jpg',10167,0,'image-in',380,0,0,0,0,'',''),(5808,'https://dentistbronxnewyork.com/wp-content/uploads/invisalign-2304.jpg',10168,0,'internal',381,0,0,0,0,'',''),(5809,'https://dentistbronxnewyork.com/the-bronx-ny/invisalign/',10168,9927,'internal',381,79,0,0,0,'',''),(5810,'https://dentistbronxnewyork.com',10168,9818,'internal',381,17,0,0,0,'',''),(5811,'',10168,0,'internal',381,7,0,0,0,'',''),(5812,'https://www.yelp.com/biz/university-dental-associates-bronx',10168,0,'external',381,0,0,0,0,'',''),(5813,'https://dentistbronxnewyork.com/blog/preparing-for-your-family-dentist-visit/',10168,10167,'internal',381,380,0,0,0,'',''),(5814,'https://dentistbronxnewyork.com/blog/preparing-for-your-family-dentist-visit/',10168,10167,'internal',381,380,0,0,0,'',''),(5815,'https://dentistbronxnewyork.com/blog/5-general-dentistry-tips-to-help-you-defeat-bad-breath/',10168,10166,'internal',381,379,0,0,0,'',''),(5816,'https://dentistbronxnewyork.com/blog/5-general-dentistry-tips-to-help-you-defeat-bad-breath/',10168,10166,'internal',381,379,0,0,0,'',''),(5817,'https://dentistbronxnewyork.com/blog/kid-friendly-dentist-anxiety-managing-techniques-for-dental-fears/',10168,10165,'internal',381,378,0,0,0,'',''),(5818,'https://dentistbronxnewyork.com/blog/kid-friendly-dentist-anxiety-managing-techniques-for-dental-fears/',10168,10165,'internal',381,378,0,0,0,'',''),(5819,'https://dentistbronxnewyork.com/wp-content/uploads/invisalign-2304.jpg',10168,0,'image-in',381,0,0,0,0,'',''),(5820,'https://dentistbronxnewyork.com/wp-content/uploads/dental-implants-2305.jpg',10169,0,'internal',382,0,0,0,0,'',''),(5821,'https://dentistbronxnewyork.com/the-bronx-ny/dental-implants/',10169,9892,'internal',382,169,0,0,0,'',''),(5822,'https://dentistbronxnewyork.com',10169,9818,'internal',382,17,0,0,0,'',''),(5823,'',10169,0,'internal',382,7,0,0,0,'',''),(5824,'https://www.yelp.com/biz/university-dental-associates-bronx',10169,0,'external',382,0,0,0,0,'',''),(5825,'https://dentistbronxnewyork.com/blog/how-invisalign-can-transform-your-smile/',10169,10168,'internal',382,381,0,0,0,'',''),(5826,'https://dentistbronxnewyork.com/blog/how-invisalign-can-transform-your-smile/',10169,10168,'internal',382,381,0,0,0,'',''),(5827,'https://dentistbronxnewyork.com/blog/preparing-for-your-family-dentist-visit/',10169,10167,'internal',382,380,0,0,0,'',''),(5828,'https://dentistbronxnewyork.com/blog/preparing-for-your-family-dentist-visit/',10169,10167,'internal',382,380,0,0,0,'',''),(5829,'https://dentistbronxnewyork.com/blog/5-general-dentistry-tips-to-help-you-defeat-bad-breath/',10169,10166,'internal',382,379,0,0,0,'',''),(5830,'https://dentistbronxnewyork.com/blog/5-general-dentistry-tips-to-help-you-defeat-bad-breath/',10169,10166,'internal',382,379,0,0,0,'',''),(5831,'https://dentistbronxnewyork.com/wp-content/uploads/dental-implants-2305.jpg',10169,0,'image-in',382,0,0,0,0,'',''),(5832,'https://dentistbronxnewyork.com/wp-content/uploads/dental-crowns-2306.jpg',10170,0,'internal',383,0,0,0,0,'',''),(5833,'https://dentistbronxnewyork.com/the-bronx-ny/dental-crowns/',10170,9889,'internal',383,172,0,0,0,'',''),(5834,'https://dentistbronxnewyork.com',10170,9818,'internal',383,17,0,0,0,'',''),(5835,'https://www.yelp.com/biz/university-dental-associates-bronx',10170,0,'external',383,0,0,0,0,'',''),(5836,'https://dentistbronxnewyork.com/blog/dental-implant-failure-causes-and-prevention/',10170,10169,'internal',383,382,0,0,0,'',''),(5837,'https://dentistbronxnewyork.com/blog/dental-implant-failure-causes-and-prevention/',10170,10169,'internal',383,382,0,0,0,'',''),(5838,'https://dentistbronxnewyork.com/blog/how-invisalign-can-transform-your-smile/',10170,10168,'internal',383,381,0,0,0,'',''),(5839,'https://dentistbronxnewyork.com/blog/how-invisalign-can-transform-your-smile/',10170,10168,'internal',383,381,0,0,0,'',''),(5840,'https://dentistbronxnewyork.com/blog/preparing-for-your-family-dentist-visit/',10170,10167,'internal',383,380,0,0,0,'',''),(5841,'https://dentistbronxnewyork.com/blog/preparing-for-your-family-dentist-visit/',10170,10167,'internal',383,380,0,0,0,'',''),(5842,'https://dentistbronxnewyork.com/wp-content/uploads/dental-crowns-2306.jpg',10170,0,'image-in',383,0,0,0,0,'',''),(5843,'https://dentistbronxnewyork.com/wp-content/uploads/kid-friendly-dentist-2307.jpg',10171,0,'internal',384,0,0,0,0,'',''),(5844,'https://dentistbronxnewyork.com/the-bronx-ny/kid-friendly-dentist/',10171,9933,'internal',384,64,0,0,0,'',''),(5845,'https://dentistbronxnewyork.com',10171,9818,'internal',384,17,0,0,0,'',''),(5846,'',10171,0,'internal',384,7,0,0,0,'',''),(5847,'https://www.yelp.com/biz/university-dental-associates-bronx',10171,0,'external',384,0,0,0,0,'',''),(5848,'https://dentistbronxnewyork.com/blog/kid-friendly-dentist-anxiety-managing-techniques-for-dental-fears/',10171,10165,'internal',384,378,0,0,0,'',''),(5849,'https://dentistbronxnewyork.com/blog/kid-friendly-dentist-anxiety-managing-techniques-for-dental-fears/',10171,10165,'internal',384,378,0,0,0,'',''),(5850,'https://dentistbronxnewyork.com/blog/preparing-for-your-family-dentist-visit/',10171,10167,'internal',384,380,0,0,0,'',''),(5851,'https://dentistbronxnewyork.com/blog/preparing-for-your-family-dentist-visit/',10171,10167,'internal',384,380,0,0,0,'',''),(5852,'https://dentistbronxnewyork.com/blog/a-guide-to-getting-a-cleaning-from-a-general-dentist/',10171,10160,'internal',384,375,0,0,0,'',''),(5853,'https://dentistbronxnewyork.com/blog/a-guide-to-getting-a-cleaning-from-a-general-dentist/',10171,10160,'internal',384,375,0,0,0,'',''),(5854,'https://dentistbronxnewyork.com/wp-content/uploads/kid-friendly-dentist-2307.jpg',10171,0,'image-in',384,0,0,0,0,'',''),(5855,'https://dentistbronxnewyork.com/wp-content/uploads/smile-makeover-2308.jpg',10173,0,'internal',385,0,0,0,0,'',''),(5856,'https://dentistbronxnewyork.com/the-bronx-ny/smile-makeover/',10173,9961,'internal',385,85,0,0,0,'',''),(5857,'https://dentistbronxnewyork.com',10173,9818,'internal',385,17,0,0,0,'',''),(5858,'',10173,0,'internal',385,7,0,0,0,'',''),(5859,'https://www.yelp.com/biz/university-dental-associates-bronx',10173,0,'external',385,0,0,0,0,'',''),(5860,'https://dentistbronxnewyork.com/blog/dental-restoration-options-to-repair-teeth/',10173,10158,'internal',385,373,0,0,0,'',''),(5861,'https://dentistbronxnewyork.com/blog/dental-restoration-options-to-repair-teeth/',10173,10158,'internal',385,373,0,0,0,'',''),(5862,'https://dentistbronxnewyork.com/blog/what-to-ask-a-kid-friendly-dentist-about-your-childs-oral-hygiene/',10173,10171,'internal',385,384,0,0,0,'',''),(5863,'https://dentistbronxnewyork.com/blog/what-to-ask-a-kid-friendly-dentist-about-your-childs-oral-hygiene/',10173,10171,'internal',385,384,0,0,0,'',''),(5864,'https://dentistbronxnewyork.com/blog/the-benefits-of-dental-crowns-for-your-oral-health/',10173,10170,'internal',385,383,0,0,0,'',''),(5865,'https://dentistbronxnewyork.com/blog/the-benefits-of-dental-crowns-for-your-oral-health/',10173,10170,'internal',385,383,0,0,0,'',''),(5866,'https://dentistbronxnewyork.com/wp-content/uploads/smile-makeover-2308.jpg',10173,0,'image-in',385,0,0,0,0,'',''),(5867,'https://dentistbronxnewyork.com/wp-content/uploads/preventive-dentistry-2309.jpg',10176,0,'internal',386,0,0,0,0,'',''),(5868,'https://dentistbronxnewyork.com/the-bronx-ny/preventative-dental-care/',10176,9949,'internal',386,53,0,0,0,'',''),(5869,'https://dentistbronxnewyork.com',10176,9818,'internal',386,17,0,0,0,'',''),(5870,'',10176,0,'internal',386,7,0,0,0,'',''),(5871,'https://www.yelp.com/biz/university-dental-associates-bronx',10176,0,'external',386,0,0,0,0,'',''),(5872,'https://dentistbronxnewyork.com/blog/how-a-deep-dental-cleaning-is-performed/',10176,10164,'internal',386,377,0,0,0,'',''),(5873,'https://dentistbronxnewyork.com/blog/how-a-deep-dental-cleaning-is-performed/',10176,10164,'internal',386,377,0,0,0,'',''),(5874,'https://dentistbronxnewyork.com/blog/a-guide-to-getting-a-cleaning-from-a-general-dentist/',10176,10160,'internal',386,375,0,0,0,'',''),(5875,'https://dentistbronxnewyork.com/blog/a-guide-to-getting-a-cleaning-from-a-general-dentist/',10176,10160,'internal',386,375,0,0,0,'',''),(5876,'https://dentistbronxnewyork.com/blog/5-general-dentistry-tips-to-help-you-defeat-bad-breath/',10176,10166,'internal',386,379,0,0,0,'',''),(5877,'https://dentistbronxnewyork.com/blog/5-general-dentistry-tips-to-help-you-defeat-bad-breath/',10176,10166,'internal',386,379,0,0,0,'',''),(5878,'https://dentistbronxnewyork.com/wp-content/uploads/preventive-dentistry-2309.jpg',10176,0,'image-in',386,0,0,0,0,'',''),(5879,'https://dentistbronxnewyork.com/wp-content/uploads/emergency-dentist-2310.jpg',10177,0,'internal',387,0,0,0,0,'',''),(5880,'https://dentistbronxnewyork.com/the-bronx-ny/emergency-dentist/',10177,9911,'internal',387,71,0,0,0,'',''),(5881,'https://dentistbronxnewyork.com',10177,9818,'internal',387,17,0,0,0,'',''),(5882,'https://www.yelp.com/biz/university-dental-associates-bronx',10177,0,'external',387,0,0,0,0,'',''),(5883,'https://dentistbronxnewyork.com/blog/a-guide-to-getting-a-cleaning-from-a-general-dentist/',10177,10160,'internal',387,375,0,0,0,'',''),(5884,'https://dentistbronxnewyork.com/blog/a-guide-to-getting-a-cleaning-from-a-general-dentist/',10177,10160,'internal',387,375,0,0,0,'',''),(5885,'https://dentistbronxnewyork.com/blog/5-general-dentistry-tips-to-help-you-defeat-bad-breath/',10177,10166,'internal',387,379,0,0,0,'',''),(5886,'https://dentistbronxnewyork.com/blog/5-general-dentistry-tips-to-help-you-defeat-bad-breath/',10177,10166,'internal',387,379,0,0,0,'',''),(5887,'https://dentistbronxnewyork.com/blog/when-should-you-see-a-dentist-for-preventive-dentistry/',10177,10176,'internal',387,386,0,0,0,'',''),(5888,'https://dentistbronxnewyork.com/blog/when-should-you-see-a-dentist-for-preventive-dentistry/',10177,10176,'internal',387,386,0,0,0,'',''),(5889,'https://dentistbronxnewyork.com/wp-content/uploads/emergency-dentist-2310.jpg',10177,0,'image-in',387,0,0,0,0,'',''),(5890,'https://dentistbronxnewyork.com/wp-content/uploads/veneers-2311.jpg',10178,0,'internal',388,0,0,0,0,'',''),(5891,'https://dentistbronxnewyork.com/the-bronx-ny/dental-veneers-and-dental-laminates/',10178,9899,'internal',388,183,0,0,0,'',''),(5892,'https://dentistbronxnewyork.com',10178,9818,'internal',388,17,0,0,0,'',''),(5893,'',10178,0,'internal',388,7,0,0,0,'',''),(5894,'https://www.yelp.com/biz/university-dental-associates-bronx',10178,0,'external',388,0,0,0,0,'',''),(5895,'https://dentistbronxnewyork.com/blog/dental-veneers-a-teeth-straightening-solution-without-braces/',10178,10161,'internal',388,376,0,0,0,'',''),(5896,'https://dentistbronxnewyork.com/blog/dental-veneers-a-teeth-straightening-solution-without-braces/',10178,10161,'internal',388,376,0,0,0,'',''),(5897,'https://dentistbronxnewyork.com/blog/dental-restoration-options-to-repair-teeth/',10178,10158,'internal',388,373,0,0,0,'',''),(5898,'https://dentistbronxnewyork.com/blog/dental-restoration-options-to-repair-teeth/',10178,10158,'internal',388,373,0,0,0,'',''),(5899,'https://dentistbronxnewyork.com/blog/questions-to-ask-your-dentist-at-your-smile-makeover-consult/',10178,10173,'internal',388,385,0,0,0,'',''),(5900,'https://dentistbronxnewyork.com/blog/questions-to-ask-your-dentist-at-your-smile-makeover-consult/',10178,10173,'internal',388,385,0,0,0,'',''),(5901,'https://dentistbronxnewyork.com/wp-content/uploads/veneers-2311.jpg',10178,0,'image-in',388,0,0,0,0,'',''),(5902,'https://dentistbronxnewyork.com/wp-content/uploads/family-dentist-2312.jpg',10180,0,'internal',389,0,0,0,0,'',''),(5903,'https://dentistbronxnewyork.com/the-bronx-ny/family-dentist/',10180,9915,'internal',389,69,0,0,0,'',''),(5904,'https://dentistbronxnewyork.com',10180,9818,'internal',389,17,0,0,0,'',''),(5905,'',10180,0,'internal',389,7,0,0,0,'',''),(5906,'https://www.yelp.com/biz/university-dental-associates-bronx',10180,0,'external',389,0,0,0,0,'',''),(5907,'https://dentistbronxnewyork.com/blog/preparing-for-your-family-dentist-visit/',10180,10167,'internal',389,380,0,0,0,'',''),(5908,'https://dentistbronxnewyork.com/blog/preparing-for-your-family-dentist-visit/',10180,10167,'internal',389,380,0,0,0,'',''),(5909,'https://dentistbronxnewyork.com/blog/what-to-ask-a-kid-friendly-dentist-about-your-childs-oral-hygiene/',10180,10171,'internal',389,384,0,0,0,'',''),(5910,'https://dentistbronxnewyork.com/blog/what-to-ask-a-kid-friendly-dentist-about-your-childs-oral-hygiene/',10180,10171,'internal',389,384,0,0,0,'',''),(5911,'https://dentistbronxnewyork.com/blog/kid-friendly-dentist-anxiety-managing-techniques-for-dental-fears/',10180,10165,'internal',389,378,0,0,0,'',''),(5912,'https://dentistbronxnewyork.com/blog/kid-friendly-dentist-anxiety-managing-techniques-for-dental-fears/',10180,10165,'internal',389,378,0,0,0,'',''),(5913,'https://dentistbronxnewyork.com/blog/should-i-visit-an-emergency-dentist-for-an-abscessed-tooth/',10180,10177,'internal',389,387,0,0,0,'',''),(5914,'https://dentistbronxnewyork.com/blog/should-i-visit-an-emergency-dentist-for-an-abscessed-tooth/',10180,10177,'internal',389,387,0,0,0,'',''),(5915,'https://dentistbronxnewyork.com/wp-content/uploads/family-dentist-2312.jpg',10180,0,'image-in',389,0,0,0,0,'',''),(5916,'https://dentistbronxnewyork.com/wp-content/uploads/general-dentist-2401.jpg',10182,0,'internal',390,0,0,0,0,'',''),(5917,'https://dentistbronxnewyork.com/the-bronx-ny/general-dentistry-services/',10182,9919,'internal',390,66,0,0,0,'',''),(5918,'https://dentistbronxnewyork.com',10182,9818,'internal',390,17,0,0,0,'',''),(5919,'',10182,0,'internal',390,7,0,0,0,'',''),(5920,'https://www.yelp.com/biz/university-dental-associates-bronx',10182,0,'external',390,0,0,0,0,'',''),(5921,'https://dentistbronxnewyork.com/blog/5-general-dentistry-tips-to-help-you-defeat-bad-breath/',10182,10166,'internal',390,379,0,0,0,'',''),(5922,'https://dentistbronxnewyork.com/blog/5-general-dentistry-tips-to-help-you-defeat-bad-breath/',10182,10166,'internal',390,379,0,0,0,'',''),(5923,'https://dentistbronxnewyork.com/blog/a-guide-to-getting-a-cleaning-from-a-general-dentist/',10182,10160,'internal',390,375,0,0,0,'',''),(5924,'https://dentistbronxnewyork.com/blog/a-guide-to-getting-a-cleaning-from-a-general-dentist/',10182,10160,'internal',390,375,0,0,0,'',''),(5925,'https://dentistbronxnewyork.com/blog/how-a-deep-dental-cleaning-is-performed/',10182,10164,'internal',390,377,0,0,0,'',''),(5926,'https://dentistbronxnewyork.com/blog/how-a-deep-dental-cleaning-is-performed/',10182,10164,'internal',390,377,0,0,0,'',''),(5927,'https://dentistbronxnewyork.com/blog/when-should-you-see-a-dentist-for-preventive-dentistry/',10182,10176,'internal',390,386,0,0,0,'',''),(5928,'https://dentistbronxnewyork.com/blog/when-should-you-see-a-dentist-for-preventive-dentistry/',10182,10176,'internal',390,386,0,0,0,'',''),(5929,'https://dentistbronxnewyork.com/wp-content/uploads/general-dentist-2401.jpg',10182,0,'image-in',390,0,0,0,0,'',''),(5930,'https://dentistbronxnewyork.com/wp-content/uploads/Invisalign-2402.jpg',10184,0,'internal',391,0,0,0,0,'',''),(5931,'https://dentistbronxnewyork.com/the-bronx-ny/invisalign/',10184,9927,'internal',391,79,0,0,0,'',''),(5932,'https://dentistbronxnewyork.com',10184,9818,'internal',391,17,0,0,0,'',''),(5933,'',10184,0,'internal',391,7,0,0,0,'',''),(5934,'https://www.yelp.com/biz/university-dental-associates-bronx',10184,0,'external',391,0,0,0,0,'',''),(5935,'https://dentistbronxnewyork.com/blog/how-invisalign-can-transform-your-smile/',10184,10168,'internal',391,381,0,0,0,'',''),(5936,'https://dentistbronxnewyork.com/blog/how-invisalign-can-transform-your-smile/',10184,10168,'internal',391,381,0,0,0,'',''),(5937,'https://dentistbronxnewyork.com/blog/general-dentistry-restoration-options-for-a-damaged-tooth/',10184,10182,'internal',391,390,0,0,0,'',''),(5938,'https://dentistbronxnewyork.com/blog/general-dentistry-restoration-options-for-a-damaged-tooth/',10184,10182,'internal',391,390,0,0,0,'',''),(5939,'https://dentistbronxnewyork.com/blog/your-childs-first-family-dentist-visit/',10184,10180,'internal',391,389,0,0,0,'',''),(5940,'https://dentistbronxnewyork.com/blog/your-childs-first-family-dentist-visit/',10184,10180,'internal',391,389,0,0,0,'',''),(5941,'https://dentistbronxnewyork.com/wp-content/uploads/Invisalign-2402.jpg',10184,0,'image-in',391,0,0,0,0,'',''),(5942,'https://dentistbronxnewyork.com/wp-content/uploads/smile-makeover-2403.jpg',10185,0,'internal',392,0,0,0,0,'',''),(5943,'https://dentistbronxnewyork.com/the-bronx-ny/smile-makeover/',10185,9961,'internal',392,85,0,0,0,'',''),(5944,'https://dentistbronxnewyork.com',10185,9818,'internal',392,17,0,0,0,'',''),(5945,'',10185,0,'internal',392,7,0,0,0,'',''),(5946,'https://www.yelp.com/biz/university-dental-associates-bronx',10185,0,'external',392,0,0,0,0,'',''),(5947,'https://dentistbronxnewyork.com/blog/questions-to-ask-your-dentist-at-your-smile-makeover-consult/',10185,10173,'internal',392,385,0,0,0,'',''),(5948,'https://dentistbronxnewyork.com/blog/questions-to-ask-your-dentist-at-your-smile-makeover-consult/',10185,10173,'internal',392,385,0,0,0,'',''),(5949,'https://dentistbronxnewyork.com/blog/dental-restoration-options-to-repair-teeth/',10185,10158,'internal',392,373,0,0,0,'',''),(5950,'https://dentistbronxnewyork.com/blog/dental-restoration-options-to-repair-teeth/',10185,10158,'internal',392,373,0,0,0,'',''),(5951,'https://dentistbronxnewyork.com/blog/a-comparison-of-invisalign-and-traditional-braces-for-straightening-teeth/',10185,10184,'internal',392,391,0,0,0,'',''),(5952,'https://dentistbronxnewyork.com/blog/a-comparison-of-invisalign-and-traditional-braces-for-straightening-teeth/',10185,10184,'internal',392,391,0,0,0,'',''),(5953,'https://dentistbronxnewyork.com/wp-content/uploads/smile-makeover-2403.jpg',10185,0,'image-in',392,0,0,0,0,'',''),(5954,'https://dentistbronxnewyork.com/wp-content/uploads/full-mouth-reconstruction-2404.jpg',10186,0,'internal',393,0,0,0,0,'',''),(5955,'https://dentistbronxnewyork.com/the-bronx-ny/full-mouth-reconstruction/',10186,9917,'internal',393,68,0,0,0,'',''),(5956,'https://dentistbronxnewyork.com',10186,9818,'internal',393,17,0,0,0,'',''),(5957,'',10186,0,'internal',393,7,0,0,0,'',''),(5958,'https://www.yelp.com/biz/university-dental-associates-bronx',10186,0,'external',393,0,0,0,0,'',''),(5959,'https://dentistbronxnewyork.com/blog/how-dental-bonding-is-used-as-part-of-a-smile-makeover/',10186,10185,'internal',393,392,0,0,0,'',''),(5960,'https://dentistbronxnewyork.com/blog/how-dental-bonding-is-used-as-part-of-a-smile-makeover/',10186,10185,'internal',393,392,0,0,0,'',''),(5961,'https://dentistbronxnewyork.com/blog/a-comparison-of-invisalign-and-traditional-braces-for-straightening-teeth/',10186,10184,'internal',393,391,0,0,0,'',''),(5962,'https://dentistbronxnewyork.com/blog/a-comparison-of-invisalign-and-traditional-braces-for-straightening-teeth/',10186,10184,'internal',393,391,0,0,0,'',''),(5963,'https://dentistbronxnewyork.com/blog/general-dentistry-restoration-options-for-a-damaged-tooth/',10186,10182,'internal',393,390,0,0,0,'',''),(5964,'https://dentistbronxnewyork.com/blog/general-dentistry-restoration-options-for-a-damaged-tooth/',10186,10182,'internal',393,390,0,0,0,'',''),(5965,'https://dentistbronxnewyork.com/wp-content/uploads/full-mouth-reconstruction-2404.jpg',10186,0,'image-in',393,0,0,0,0,'',''),(5966,'https://dentistbronxnewyork.com/wp-content/uploads/restorative-dentist-2405.jpg',10187,0,'internal',394,0,0,0,0,'',''),(5967,'https://dentistbronxnewyork.com/the-bronx-ny/restorative-dentistry/',10187,9954,'internal',394,58,0,0,0,'',''),(5968,'https://dentistbronxnewyork.com',10187,9818,'internal',394,17,0,0,0,'',''),(5969,'',10187,0,'internal',394,7,0,0,0,'',''),(5970,'https://www.yelp.com/biz/university-dental-associates-bronx',10187,0,'external',394,0,0,0,0,'',''),(5971,'https://dentistbronxnewyork.com/blog/dental-restoration-options-to-repair-teeth/',10187,10158,'internal',394,373,0,0,0,'',''),(5972,'https://dentistbronxnewyork.com/blog/dental-restoration-options-to-repair-teeth/',10187,10158,'internal',394,373,0,0,0,'',''),(5973,'https://dentistbronxnewyork.com/blog/how-dental-bonding-is-used-as-part-of-a-smile-makeover/',10187,10185,'internal',394,392,0,0,0,'',''),(5974,'https://dentistbronxnewyork.com/blog/how-dental-bonding-is-used-as-part-of-a-smile-makeover/',10187,10185,'internal',394,392,0,0,0,'',''),(5975,'https://dentistbronxnewyork.com/blog/questions-to-ask-your-dentist-at-your-smile-makeover-consult/',10187,10173,'internal',394,385,0,0,0,'',''),(5976,'https://dentistbronxnewyork.com/blog/questions-to-ask-your-dentist-at-your-smile-makeover-consult/',10187,10173,'internal',394,385,0,0,0,'',''),(5977,'https://dentistbronxnewyork.com/blog/when-should-you-see-a-dentist-for-preventive-dentistry/',10187,10176,'internal',394,386,0,0,0,'',''),(5978,'https://dentistbronxnewyork.com/blog/when-should-you-see-a-dentist-for-preventive-dentistry/',10187,10176,'internal',394,386,0,0,0,'',''),(5979,'https://dentistbronxnewyork.com/wp-content/uploads/restorative-dentist-2405.jpg',10187,0,'image-in',394,0,0,0,0,'',''),(5980,'https://dentistbronxnewyork.com/wp-content/uploads/kid-friendly-dentist-2406.jpg',10188,0,'internal',395,0,0,0,0,'',''),(5981,'https://dentistbronxnewyork.com/the-bronx-ny/kid-friendly-dentist/',10188,9933,'internal',395,64,0,0,0,'',''),(5982,'https://dentistbronxnewyork.com',10188,9818,'internal',395,17,0,0,0,'',''),(5983,'https://www.yelp.com/biz/university-dental-associates-bronx',10188,0,'external',395,0,0,0,0,'',''),(5984,'https://dentistbronxnewyork.com/blog/what-to-ask-a-kid-friendly-dentist-about-your-childs-oral-hygiene/',10188,10171,'internal',395,384,0,0,0,'',''),(5985,'https://dentistbronxnewyork.com/blog/what-to-ask-a-kid-friendly-dentist-about-your-childs-oral-hygiene/',10188,10171,'internal',395,384,0,0,0,'',''),(5986,'https://dentistbronxnewyork.com/blog/kid-friendly-dentist-anxiety-managing-techniques-for-dental-fears/',10188,10165,'internal',395,378,0,0,0,'',''),(5987,'https://dentistbronxnewyork.com/blog/kid-friendly-dentist-anxiety-managing-techniques-for-dental-fears/',10188,10165,'internal',395,378,0,0,0,'',''),(5988,'https://dentistbronxnewyork.com/blog/your-childs-first-family-dentist-visit/',10188,10180,'internal',395,389,0,0,0,'',''),(5989,'https://dentistbronxnewyork.com/blog/your-childs-first-family-dentist-visit/',10188,10180,'internal',395,389,0,0,0,'',''),(5990,'https://dentistbronxnewyork.com/blog/preparing-for-your-family-dentist-visit/',10188,10167,'internal',395,380,0,0,0,'',''),(5991,'https://dentistbronxnewyork.com/blog/preparing-for-your-family-dentist-visit/',10188,10167,'internal',395,380,0,0,0,'',''),(5992,'https://dentistbronxnewyork.com/wp-content/uploads/kid-friendly-dentist-2406.jpg',10188,0,'image-in',395,0,0,0,0,'',''),(5993,'https://dentistbronxnewyork.com/wp-content/uploads/deep-teeth-cleaning-2407.jpg',10191,0,'internal',399,0,0,0,0,'',''),(5994,'https://dentistbronxnewyork.com/the-bronx-ny/dental-cleaning-and-examinations/',10191,9887,'internal',399,174,0,0,0,'',''),(5995,'https://dentistbronxnewyork.com',10191,9818,'internal',399,17,0,0,0,'',''),(5996,'',10191,0,'internal',399,7,0,0,0,'',''),(5997,'https://www.yelp.com/biz/university-dental-associates-bronx',10191,0,'external',399,0,0,0,0,'',''),(5998,'https://dentistbronxnewyork.com/blog/how-a-deep-dental-cleaning-is-performed/',10191,10164,'internal',399,377,0,0,0,'',''),(5999,'https://dentistbronxnewyork.com/blog/how-a-deep-dental-cleaning-is-performed/',10191,10164,'internal',399,377,0,0,0,'',''),(6000,'https://dentistbronxnewyork.com/blog/when-should-you-see-a-dentist-for-preventive-dentistry/',10191,10176,'internal',399,386,0,0,0,'',''),(6001,'https://dentistbronxnewyork.com/blog/when-should-you-see-a-dentist-for-preventive-dentistry/',10191,10176,'internal',399,386,0,0,0,'',''),(6002,'https://dentistbronxnewyork.com/blog/a-guide-to-getting-a-cleaning-from-a-general-dentist/',10191,10160,'internal',399,375,0,0,0,'',''),(6003,'https://dentistbronxnewyork.com/blog/a-guide-to-getting-a-cleaning-from-a-general-dentist/',10191,10160,'internal',399,375,0,0,0,'',''),(6004,'https://dentistbronxnewyork.com/blog/general-dentistry-restoration-options-for-a-damaged-tooth/',10191,10182,'internal',399,390,0,0,0,'',''),(6005,'https://dentistbronxnewyork.com/blog/general-dentistry-restoration-options-for-a-damaged-tooth/',10191,10182,'internal',399,390,0,0,0,'',''),(6006,'https://dentistbronxnewyork.com/wp-content/uploads/deep-teeth-cleaning-2407.jpg',10191,0,'image-in',399,0,0,0,0,'',''),(6007,'https://dentistbronxnewyork.com/wp-content/uploads/implant-supported-dentures-2408.jpg',10194,0,'internal',400,NULL,NULL,NULL,NULL,NULL,NULL),(6008,'https://dentistbronxnewyork.com/the-bronx-ny/implant-supported-dentures/',10194,9925,'internal',400,81,NULL,NULL,NULL,'',''),(6009,'https://dentistbronxnewyork.com',10194,9818,'internal',400,17,NULL,NULL,NULL,'',''),(6010,'',10194,0,'internal',400,7,NULL,NULL,NULL,'',''),(6011,'https://www.yelp.com/biz/university-dental-associates-bronx',10194,0,'external',400,NULL,NULL,NULL,NULL,NULL,NULL),(6012,'https://dentistbronxnewyork.com/blog/how-all-on-4-is-a-recommended-solution-for-tooth-loss/',10194,10159,'internal',400,374,NULL,NULL,NULL,'',''),(6013,'https://dentistbronxnewyork.com/blog/how-all-on-4-is-a-recommended-solution-for-tooth-loss/',10194,10159,'internal',400,374,NULL,NULL,NULL,'',''),(6014,'https://dentistbronxnewyork.com/blog/when-a-deep-teeth-cleaning-is-recommended-for-periodontal-health/',10194,10191,'internal',400,399,NULL,NULL,NULL,'',''),(6015,'https://dentistbronxnewyork.com/blog/when-a-deep-teeth-cleaning-is-recommended-for-periodontal-health/',10194,10191,'internal',400,399,NULL,NULL,NULL,'',''),(6016,'https://dentistbronxnewyork.com/blog/how-a-kid-friendly-dentist-makes-dental-trips-easier-for-parents/',10194,10188,'internal',400,395,NULL,NULL,NULL,'',''),(6017,'https://dentistbronxnewyork.com/blog/how-a-kid-friendly-dentist-makes-dental-trips-easier-for-parents/',10194,10188,'internal',400,395,NULL,NULL,NULL,'',''),(6018,'https://dentistbronxnewyork.com/wp-content/uploads/implant-supported-dentures-2408.jpg',10194,0,'image-in',400,NULL,NULL,NULL,NULL,NULL,NULL),(6019,'https://dentistbronxnewyork.com/wp-content/uploads/general-dentist-2409.jpg',10195,0,'internal',401,NULL,NULL,NULL,NULL,NULL,NULL),(6020,'https://dentistbronxnewyork.com/the-bronx-ny/general-dentist/',10195,9918,'internal',401,67,NULL,NULL,NULL,'',''),(6021,'https://dentistbronxnewyork.com',10195,9818,'internal',401,17,NULL,NULL,NULL,'',''),(6022,'',10195,0,'internal',401,7,NULL,NULL,NULL,'',''),(6023,'https://www.yelp.com/biz/university-dental-associates-bronx',10195,0,'external',401,NULL,NULL,NULL,NULL,NULL,NULL),(6024,'https://dentistbronxnewyork.com/blog/a-guide-to-getting-a-cleaning-from-a-general-dentist/',10195,10160,'internal',401,375,NULL,NULL,NULL,'',''),(6025,'https://dentistbronxnewyork.com/blog/a-guide-to-getting-a-cleaning-from-a-general-dentist/',10195,10160,'internal',401,375,NULL,NULL,NULL,'',''),(6026,'https://dentistbronxnewyork.com/blog/general-dentistry-restoration-options-for-a-damaged-tooth/',10195,10182,'internal',401,390,NULL,NULL,NULL,'',''),(6027,'https://dentistbronxnewyork.com/blog/general-dentistry-restoration-options-for-a-damaged-tooth/',10195,10182,'internal',401,390,NULL,NULL,NULL,'',''),(6028,'https://dentistbronxnewyork.com/blog/5-general-dentistry-tips-to-help-you-defeat-bad-breath/',10195,10166,'internal',401,379,NULL,NULL,NULL,'',''),(6029,'https://dentistbronxnewyork.com/blog/5-general-dentistry-tips-to-help-you-defeat-bad-breath/',10195,10166,'internal',401,379,NULL,NULL,NULL,'',''),(6030,'https://dentistbronxnewyork.com/blog/when-a-deep-teeth-cleaning-is-recommended-for-periodontal-health/',10195,10191,'internal',401,399,NULL,NULL,NULL,'',''),(6031,'https://dentistbronxnewyork.com/blog/when-a-deep-teeth-cleaning-is-recommended-for-periodontal-health/',10195,10191,'internal',401,399,NULL,NULL,NULL,'',''),(6032,'https://dentistbronxnewyork.com/wp-content/uploads/general-dentist-2409.jpg',10195,0,'image-in',401,NULL,NULL,NULL,NULL,NULL,NULL),(6033,'https://dentistbronxnewyork.com/wp-content/uploads/root-canal-2410.jpg',10196,0,'internal',402,NULL,NULL,NULL,NULL,NULL,NULL),(6034,'https://dentistbronxnewyork.com/the-bronx-ny/root-canal-treatment/',10196,9955,'internal',402,57,NULL,NULL,NULL,'',''),(6035,'https://dentistbronxnewyork.com',10196,9818,'internal',402,17,NULL,NULL,NULL,'',''),(6036,'',10196,0,'internal',402,7,NULL,NULL,NULL,'',''),(6037,'https://www.yelp.com/biz/university-dental-associates-bronx',10196,0,'external',402,NULL,NULL,NULL,NULL,NULL,NULL),(6038,'https://dentistbronxnewyork.com/blog/when-should-you-see-a-dentist-for-preventive-dentistry/',10196,10176,'internal',402,386,NULL,NULL,NULL,'',''),(6039,'https://dentistbronxnewyork.com/blog/when-should-you-see-a-dentist-for-preventive-dentistry/',10196,10176,'internal',402,386,NULL,NULL,NULL,'',''),(6040,'https://dentistbronxnewyork.com/blog/should-i-visit-an-emergency-dentist-for-an-abscessed-tooth/',10196,10177,'internal',402,387,NULL,NULL,NULL,'',''),(6041,'https://dentistbronxnewyork.com/blog/should-i-visit-an-emergency-dentist-for-an-abscessed-tooth/',10196,10177,'internal',402,387,NULL,NULL,NULL,'',''),(6042,'https://dentistbronxnewyork.com/blog/3-tips-on-choosing-a-restorative-dentist/',10196,10187,'internal',402,394,NULL,NULL,NULL,'',''),(6043,'https://dentistbronxnewyork.com/blog/3-tips-on-choosing-a-restorative-dentist/',10196,10187,'internal',402,394,NULL,NULL,NULL,'',''),(6044,'https://dentistbronxnewyork.com/blog/dental-restoration-options-to-repair-teeth/',10196,10158,'internal',402,373,NULL,NULL,NULL,'',''),(6045,'https://dentistbronxnewyork.com/blog/dental-restoration-options-to-repair-teeth/',10196,10158,'internal',402,373,NULL,NULL,NULL,'',''),(6046,'https://dentistbronxnewyork.com/wp-content/uploads/root-canal-2410.jpg',10196,0,'image-in',402,NULL,NULL,NULL,NULL,NULL,NULL),(6047,'https://dentistbronxnewyork.com/wp-content/uploads/all-on-4-2411.jpg',10197,0,'internal',403,NULL,NULL,NULL,NULL,NULL,NULL),(6048,'https://dentistbronxnewyork.com/the-bronx-ny/all-on-4/',10197,9869,'internal',403,192,NULL,NULL,NULL,'',''),(6049,'https://dentistbronxnewyork.com',10197,9818,'internal',403,17,NULL,NULL,NULL,'',''),(6050,'',10197,0,'internal',403,7,NULL,NULL,NULL,'',''),(6051,'https://www.yelp.com/biz/university-dental-associates-bronx',10197,0,'external',403,NULL,NULL,NULL,NULL,NULL,NULL),(6052,'https://dentistbronxnewyork.com/blog/how-all-on-4-is-a-recommended-solution-for-tooth-loss/',10197,10159,'internal',403,374,NULL,NULL,NULL,'',''),(6053,'https://dentistbronxnewyork.com/blog/how-all-on-4-is-a-recommended-solution-for-tooth-loss/',10197,10159,'internal',403,374,NULL,NULL,NULL,'',''),(6054,'https://dentistbronxnewyork.com/blog/dental-implant-failure-causes-and-prevention/',10197,10169,'internal',403,382,NULL,NULL,NULL,'',''),(6055,'https://dentistbronxnewyork.com/blog/dental-implant-failure-causes-and-prevention/',10197,10169,'internal',403,382,NULL,NULL,NULL,'',''),(6056,'https://dentistbronxnewyork.com/blog/root-canal-aftercare-tips-for-a-smooth-recovery/',10197,10196,'internal',403,402,NULL,NULL,NULL,NULL,NULL),(6057,'https://dentistbronxnewyork.com/blog/root-canal-aftercare-tips-for-a-smooth-recovery/',10197,10196,'internal',403,402,NULL,NULL,NULL,NULL,NULL),(6058,'https://dentistbronxnewyork.com/wp-content/uploads/all-on-4-2411.jpg',10197,0,'image-in',403,NULL,NULL,NULL,NULL,NULL,NULL),(6059,'https://dentistbronxnewyork.com/wp-content/uploads/general-dentist-2412.jpg',10198,0,'internal',404,NULL,NULL,NULL,NULL,NULL,NULL),(6060,'https://dentistbronxnewyork.com/the-bronx-ny/general-dentist/',10198,9918,'internal',404,67,NULL,NULL,NULL,'',''),(6061,'https://dentistbronxnewyork.com',10198,9818,'internal',404,17,NULL,NULL,NULL,'',''),(6062,'',10198,0,'internal',404,7,NULL,NULL,NULL,'',''),(6063,'https://www.yelp.com/biz/university-dental-associates-bronx',10198,0,'external',404,NULL,NULL,NULL,NULL,NULL,NULL),(6064,'https://dentistbronxnewyork.com/blog/how-a-general-dentist-treats-a-dental-cavity/',10198,10195,'internal',404,401,NULL,NULL,NULL,NULL,NULL),(6065,'https://dentistbronxnewyork.com/blog/how-a-general-dentist-treats-a-dental-cavity/',10198,10195,'internal',404,401,NULL,NULL,NULL,NULL,NULL),(6066,'https://dentistbronxnewyork.com/blog/a-guide-to-getting-a-cleaning-from-a-general-dentist/',10198,10160,'internal',404,375,NULL,NULL,NULL,'',''),(6067,'https://dentistbronxnewyork.com/blog/a-guide-to-getting-a-cleaning-from-a-general-dentist/',10198,10160,'internal',404,375,NULL,NULL,NULL,'',''),(6068,'https://dentistbronxnewyork.com/blog/general-dentistry-restoration-options-for-a-damaged-tooth/',10198,10182,'internal',404,390,NULL,NULL,NULL,'',''),(6069,'https://dentistbronxnewyork.com/blog/general-dentistry-restoration-options-for-a-damaged-tooth/',10198,10182,'internal',404,390,NULL,NULL,NULL,'',''),(6070,'https://dentistbronxnewyork.com/blog/5-general-dentistry-tips-to-help-you-defeat-bad-breath/',10198,10166,'internal',404,379,NULL,NULL,NULL,'',''),(6071,'https://dentistbronxnewyork.com/blog/5-general-dentistry-tips-to-help-you-defeat-bad-breath/',10198,10166,'internal',404,379,NULL,NULL,NULL,'',''),(6072,'https://dentistbronxnewyork.com/wp-content/uploads/general-dentist-2412.jpg',10198,0,'image-in',404,NULL,NULL,NULL,NULL,NULL,NULL),(6073,'https://dentistbronxnewyork.com/wp-content/uploads/cosmetic-dentist-2501.jpg',10199,0,'internal',405,NULL,NULL,NULL,NULL,NULL,NULL),(6074,'https://dentistbronxnewyork.com/the-bronx-ny/cosmetic-dentist/',10199,9881,'internal',405,195,NULL,NULL,NULL,'',''),(6075,'https://dentistbronxnewyork.com',10199,9818,'internal',405,17,NULL,NULL,NULL,'',''),(6076,'',10199,0,'internal',405,7,NULL,NULL,NULL,'',''),(6077,'https://www.yelp.com/biz/university-dental-associates-bronx',10199,0,'external',405,NULL,NULL,NULL,NULL,NULL,NULL),(6078,'https://dentistbronxnewyork.com/blog/dental-restoration-options-to-repair-teeth/',10199,10158,'internal',405,373,NULL,NULL,NULL,'',''),(6079,'https://dentistbronxnewyork.com/blog/dental-restoration-options-to-repair-teeth/',10199,10158,'internal',405,373,NULL,NULL,NULL,'',''),(6080,'https://dentistbronxnewyork.com/blog/how-dental-bonding-is-used-as-part-of-a-smile-makeover/',10199,10185,'internal',405,392,NULL,NULL,NULL,'',''),(6081,'https://dentistbronxnewyork.com/blog/how-dental-bonding-is-used-as-part-of-a-smile-makeover/',10199,10185,'internal',405,392,NULL,NULL,NULL,'',''),(6082,'https://dentistbronxnewyork.com/blog/questions-to-ask-your-dentist-at-your-smile-makeover-consult/',10199,10173,'internal',405,385,NULL,NULL,NULL,'',''),(6083,'https://dentistbronxnewyork.com/blog/questions-to-ask-your-dentist-at-your-smile-makeover-consult/',10199,10173,'internal',405,385,NULL,NULL,NULL,'',''),(6084,'https://dentistbronxnewyork.com/wp-content/uploads/cosmetic-dentist-2501.jpg',10199,0,'image-in',405,NULL,NULL,NULL,NULL,NULL,NULL),(6085,'https://dentistbronxnewyork.com/wp-content/uploads/kid-friendly-dentist-2502.jpg',10200,0,'internal',406,NULL,NULL,NULL,NULL,NULL,NULL),(6086,'https://dentistbronxnewyork.com/the-bronx-ny/kid-friendly-dentist/',10200,9933,'internal',406,64,NULL,NULL,NULL,'',''),(6087,'https://dentistbronxnewyork.com',10200,9818,'internal',406,17,NULL,NULL,NULL,'',''),(6088,'',10200,0,'internal',406,7,NULL,NULL,NULL,'',''),(6089,'https://www.yelp.com/biz/university-dental-associates-bronx',10200,0,'external',406,NULL,NULL,NULL,NULL,NULL,NULL),(6090,'https://dentistbronxnewyork.com/blog/how-a-kid-friendly-dentist-makes-dental-trips-easier-for-parents/',10200,10188,'internal',406,395,NULL,NULL,NULL,'',''),(6091,'https://dentistbronxnewyork.com/blog/how-a-kid-friendly-dentist-makes-dental-trips-easier-for-parents/',10200,10188,'internal',406,395,NULL,NULL,NULL,'',''),(6092,'https://dentistbronxnewyork.com/blog/what-to-ask-a-kid-friendly-dentist-about-your-childs-oral-hygiene/',10200,10171,'internal',406,384,NULL,NULL,NULL,'',''),(6093,'https://dentistbronxnewyork.com/blog/what-to-ask-a-kid-friendly-dentist-about-your-childs-oral-hygiene/',10200,10171,'internal',406,384,NULL,NULL,NULL,'',''),(6094,'https://dentistbronxnewyork.com/blog/kid-friendly-dentist-anxiety-managing-techniques-for-dental-fears/',10200,10165,'internal',406,378,NULL,NULL,NULL,'',''),(6095,'https://dentistbronxnewyork.com/blog/kid-friendly-dentist-anxiety-managing-techniques-for-dental-fears/',10200,10165,'internal',406,378,NULL,NULL,NULL,'',''),(6096,'https://dentistbronxnewyork.com/blog/your-childs-first-family-dentist-visit/',10200,10180,'internal',406,389,NULL,NULL,NULL,'',''),(6097,'https://dentistbronxnewyork.com/blog/your-childs-first-family-dentist-visit/',10200,10180,'internal',406,389,NULL,NULL,NULL,'',''),(6098,'https://dentistbronxnewyork.com/wp-content/uploads/kid-friendly-dentist-2502.jpg',10200,0,'image-in',406,NULL,NULL,NULL,NULL,NULL,NULL),(6099,'https://dentistbronxnewyork.com/wp-content/uploads/oral-surgery-2503.jpg',10201,0,'internal',407,NULL,NULL,NULL,NULL,NULL,NULL),(6100,'https://dentistbronxnewyork.com/the-bronx-ny/oral-surgery/',10201,9942,'internal',407,46,NULL,NULL,NULL,'',''),(6101,'https://dentistbronxnewyork.com',10201,9818,'internal',407,17,NULL,NULL,NULL,'',''),(6102,'',10201,0,'internal',407,7,NULL,NULL,NULL,'',''),(6103,'https://www.yelp.com/biz/university-dental-associates-bronx',10201,0,'external',407,NULL,NULL,NULL,NULL,NULL,NULL),(6104,'https://dentistbronxnewyork.com/blog/ask-a-kid-friendly-dentist-what-are-stainless-steel-crowns/',10201,10200,'internal',407,406,NULL,NULL,NULL,NULL,NULL),(6105,'https://dentistbronxnewyork.com/blog/ask-a-kid-friendly-dentist-what-are-stainless-steel-crowns/',10201,10200,'internal',407,406,NULL,NULL,NULL,NULL,NULL),(6106,'https://dentistbronxnewyork.com/blog/cosmetic-dentist-corrective-vs-aesthetic-dentistry/',10201,10199,'internal',407,405,NULL,NULL,NULL,NULL,NULL),(6107,'https://dentistbronxnewyork.com/blog/cosmetic-dentist-corrective-vs-aesthetic-dentistry/',10201,10199,'internal',407,405,NULL,NULL,NULL,NULL,NULL),(6108,'https://dentistbronxnewyork.com/blog/dental-sealant-treatment-from-your-general-dentist/',10201,10198,'internal',407,404,NULL,NULL,NULL,NULL,NULL),(6109,'https://dentistbronxnewyork.com/blog/dental-sealant-treatment-from-your-general-dentist/',10201,10198,'internal',407,404,NULL,NULL,NULL,NULL,NULL),(6110,'https://dentistbronxnewyork.com/wp-content/uploads/oral-surgery-2503.jpg',10201,0,'image-in',407,NULL,NULL,NULL,NULL,NULL,NULL),(6111,'https://dentistbronxnewyork.com/wp-content/uploads/cleaning-2504.jpg',10202,0,'internal',408,NULL,NULL,NULL,NULL,NULL,NULL),(6112,'https://dentistbronxnewyork.com/the-bronx-ny/dental-cleaning-and-examinations/',10202,9887,'internal',408,174,NULL,NULL,NULL,'',''),(6113,'https://dentistbronxnewyork.com',10202,9818,'internal',408,17,NULL,NULL,NULL,'',''),(6114,'',10202,0,'internal',408,7,NULL,NULL,NULL,'',''),(6115,'https://www.yelp.com/biz/university-dental-associates-bronx',10202,0,'external',408,NULL,NULL,NULL,NULL,NULL,NULL),(6116,'https://dentistbronxnewyork.com/blog/3-common-oral-surgery-procedures/',10202,10201,'internal',408,407,NULL,NULL,NULL,NULL,NULL),(6117,'https://dentistbronxnewyork.com/blog/3-common-oral-surgery-procedures/',10202,10201,'internal',408,407,NULL,NULL,NULL,NULL,NULL),(6118,'https://dentistbronxnewyork.com/blog/ask-a-kid-friendly-dentist-what-are-stainless-steel-crowns/',10202,10200,'internal',408,406,NULL,NULL,NULL,NULL,NULL),(6119,'https://dentistbronxnewyork.com/blog/ask-a-kid-friendly-dentist-what-are-stainless-steel-crowns/',10202,10200,'internal',408,406,NULL,NULL,NULL,NULL,NULL),(6120,'https://dentistbronxnewyork.com/blog/cosmetic-dentist-corrective-vs-aesthetic-dentistry/',10202,10199,'internal',408,405,NULL,NULL,NULL,NULL,NULL),(6121,'https://dentistbronxnewyork.com/blog/cosmetic-dentist-corrective-vs-aesthetic-dentistry/',10202,10199,'internal',408,405,NULL,NULL,NULL,NULL,NULL),(6122,'https://dentistbronxnewyork.com/wp-content/uploads/cleaning-2504.jpg',10202,0,'image-in',408,NULL,NULL,NULL,NULL,NULL,NULL);

--
-- Table structure for table `wp_yoast_seo_meta`
--

CREATE TABLE `wp_yoast_seo_meta` (
  `object_id` bigint(20) unsigned NOT NULL,
  `internal_link_count` int(10) unsigned DEFAULT NULL,
  `incoming_link_count` int(10) unsigned DEFAULT NULL,
  UNIQUE KEY `object_id` (`object_id`)
) ENGINE=InnoDB DEFAULT CHARSET=utf8mb4 COLLATE=utf8mb4_unicode_ci;

--
-- Dumping data for table `wp_yoast_seo_meta`
--

INSERT INTO `wp_yoast_seo_meta` VALUES (1,0,0),(2,0,0),(4,0,0),(6,0,0),(7,0,0),(920,0,0),(922,0,0),(8610,0,0),(8620,0,0),(8630,0,0),(8637,0,0),(8638,0,0),(8639,0,0),(8640,0,0),(8641,0,0),(8642,0,0),(8643,39,0),(8644,123,1),(8645,0,0),(8646,0,0),(8647,20,14),(8648,17,15),(8651,22,15),(8652,29,30),(8653,17,19),(8654,23,22),(8655,33,21),(8656,18,7),(8657,33,24),(8658,17,1),(8659,17,25),(8660,29,16),(8661,13,15),(8662,30,15),(8663,30,34),(8664,29,31),(8665,13,8),(8666,22,12),(8667,19,20),(8668,9,6),(8669,17,20),(8670,13,14),(8671,30,26),(8672,19,37),(8673,23,13),(8674,22,33),(8675,24,31),(8676,9,66),(8677,9,31),(8678,17,9),(8679,22,10),(8680,17,6),(8681,9,5),(8682,30,16),(8683,22,20),(8684,22,19),(8685,22,11),(8686,22,12),(8687,12,5),(8688,13,17),(8689,17,12),(8690,15,17),(8691,26,18),(8692,15,9),(8693,18,6),(8694,15,16),(8695,24,12),(8696,18,21),(8697,17,93),(8698,16,91),(8699,22,4),(8700,19,7),(8701,15,26),(8702,10,5),(8703,8,3),(8704,13,7),(8705,24,7),(8706,24,21),(8707,22,23),(8708,15,6),(8709,17,12),(8710,25,9),(8711,18,4),(8712,17,2),(8713,17,6),(8714,33,19),(8715,24,12),(8716,11,2),(8717,33,18),(8718,17,5),(8719,23,23),(8720,19,5),(8721,23,24),(8722,17,12),(8723,9,8),(8724,22,11),(8725,18,2),(8726,22,6),(8727,22,5),(8728,21,8),(8729,13,8),(8730,23,9),(8731,18,5),(8732,30,19),(8733,28,14),(8734,23,4),(8735,18,8),(8736,20,11),(8737,17,13),(8738,19,6),(8739,13,7),(8740,17,4),(8741,14,7),(8742,24,9),(8743,31,14),(8744,33,17),(8745,24,4),(8746,30,17),(8747,30,15),(8748,30,19),(8749,23,3),(8750,23,1),(8751,22,6),(8752,18,7),(8753,24,8),(8754,17,10),(8755,18,3),(8756,14,6),(8757,17,9),(8758,22,13),(8759,18,5),(8760,28,14),(8761,15,6),(8762,22,6),(8763,18,5),(8764,16,5),(8765,17,0),(8766,10,2),(8767,24,4),(8768,24,4),(8769,25,0),(8770,17,3),(8771,30,10),(8772,0,0),(8773,0,0),(8774,0,0),(8812,0,68);

--
-- Dumping routines for database 'wp_d_k5Ys9Q6L0DS'
--


